Last updated on 2025-02-21 05:51:02 CET.
Flavor | Version | Tinstall | Tcheck | Ttotal | Status | Flags |
---|---|---|---|---|---|---|
r-devel-linux-x86_64-debian-clang | 0.1.8 | 192.02 | 21.98 | 214.00 | OK | |
r-devel-linux-x86_64-debian-gcc | 0.1.8 | 150.92 | 17.99 | 168.91 | OK | |
r-devel-linux-x86_64-fedora-clang | 0.1.8 | 389.70 | OK | |||
r-devel-linux-x86_64-fedora-gcc | 0.1.8 | 405.98 | OK | |||
r-devel-macos-arm64 | 0.1.8 | 9.00 | ERROR | |||
r-devel-macos-x86_64 | 0.1.8 | 168.00 | OK | |||
r-devel-windows-x86_64 | 0.1.8 | 260.00 | 70.00 | 330.00 | OK | |
r-patched-linux-x86_64 | 0.1.8 | 189.42 | 20.84 | 210.26 | OK | |
r-release-linux-x86_64 | 0.1.8 | 190.71 | 21.09 | 211.80 | OK | |
r-release-macos-arm64 | 0.1.8 | 13.00 | ERROR | |||
r-release-macos-x86_64 | 0.1.8 | 182.00 | NOTE | |||
r-release-windows-x86_64 | 0.1.8 | 249.00 | 66.00 | 315.00 | OK | |
r-oldrel-macos-x86_64 | 0.1.8 | 138.00 | NOTE | |||
r-oldrel-windows-x86_64 | 0.1.8 | 238.00 | 108.00 | 346.00 | OK |
Version: 0.1.8
Check: whether package can be installed
Result: ERROR
Installation failed.
Flavors: r-devel-macos-arm64, r-release-macos-arm64
Version: 0.1.8
Check: installed package size
Result: NOTE
installed size is 7.7Mb
sub-directories of 1Mb or more:
libs 7.4Mb
Flavors: r-release-macos-x86_64, r-oldrel-macos-x86_64