Last updated on 2025-02-20 04:51:31 CET.
Flavor | Version | Tinstall | Tcheck | Ttotal | Status | Flags |
---|---|---|---|---|---|---|
r-devel-linux-x86_64-debian-clang | 2.0.0 | 53.29 | 53.04 | 106.33 | OK | |
r-devel-linux-x86_64-debian-gcc | 2.0.0 | 37.73 | 36.17 | 73.90 | OK | |
r-devel-linux-x86_64-fedora-clang | 2.0.0 | 202.24 | OK | |||
r-devel-linux-x86_64-fedora-gcc | 2.0.0 | 201.69 | OK | |||
r-devel-macos-arm64 | 2.0.0 | 43.00 | OK | |||
r-devel-macos-x86_64 | 2.0.0 | 102.00 | OK | |||
r-devel-windows-x86_64 | 2.0.0 | 54.00 | 93.00 | 147.00 | OK | |
r-patched-linux-x86_64 | 2.0.0 | 53.17 | 50.08 | 103.25 | OK | |
r-release-linux-x86_64 | 2.0.0 | 53.33 | 50.16 | 103.49 | OK | |
r-release-macos-arm64 | 2.0.0 | 43.00 | NOTE | |||
r-release-macos-x86_64 | 2.0.0 | 82.00 | NOTE | |||
r-release-windows-x86_64 | 2.0.0 | 57.00 | 93.00 | 150.00 | OK | |
r-oldrel-macos-arm64 | 2.0.0 | 41.00 | NOTE | |||
r-oldrel-macos-x86_64 | 2.0.0 | 75.00 | NOTE | |||
r-oldrel-windows-x86_64 | 2.0.0 | 68.00 | 103.00 | 171.00 | OK |
Version: 2.0.0
Check: installed package size
Result: NOTE
installed size is 5.3Mb
sub-directories of 1Mb or more:
libs 4.5Mb
Flavors: r-release-macos-arm64, r-release-macos-x86_64, r-oldrel-macos-arm64, r-oldrel-macos-x86_64