Last updated on 2025-02-21 05:51:01 CET.
Flavor | Version | Tinstall | Tcheck | Ttotal | Status | Flags |
---|---|---|---|---|---|---|
r-devel-linux-x86_64-debian-clang | 0.1.0 | 12.13 | 227.87 | 240.00 | OK | |
r-devel-linux-x86_64-debian-gcc | 0.1.0 | 8.41 | 159.31 | 167.72 | OK | |
r-devel-linux-x86_64-fedora-clang | 0.1.0 | 380.41 | OK | |||
r-devel-linux-x86_64-fedora-gcc | 0.1.0 | 377.44 | OK | |||
r-devel-macos-arm64 | 0.1.0 | 115.00 | OK | |||
r-devel-macos-x86_64 | 0.1.0 | 244.00 | OK | |||
r-devel-windows-x86_64 | 0.1.0 | 13.00 | 234.00 | 247.00 | OK | |
r-patched-linux-x86_64 | 0.1.0 | 13.13 | 216.22 | 229.35 | OK | |
r-release-linux-x86_64 | 0.1.0 | 13.58 | 215.87 | 229.45 | OK | |
r-release-macos-arm64 | 0.1.0 | 107.00 | OK | |||
r-release-macos-x86_64 | 0.1.0 | 171.00 | NOTE | |||
r-release-windows-x86_64 | 0.1.0 | 15.00 | 234.00 | 249.00 | OK | |
r-oldrel-macos-arm64 | 0.1.0 | 103.00 | NOTE | |||
r-oldrel-macos-x86_64 | 0.1.0 | 174.00 | NOTE | |||
r-oldrel-windows-x86_64 | 0.1.0 | 19.00 | 307.00 | 326.00 | OK |
Version: 0.1.0
Check: installed package size
Result: NOTE
installed size is 5.1Mb
sub-directories of 1Mb or more:
data 3.1Mb
doc 1.3Mb
Flavors: r-release-macos-x86_64, r-oldrel-macos-arm64, r-oldrel-macos-x86_64