Last updated on 2025-02-21 05:51:00 CET.
Flavor | Version | Tinstall | Tcheck | Ttotal | Status | Flags |
---|---|---|---|---|---|---|
r-devel-linux-x86_64-debian-clang | 0.1.3.5 | 6.17 | 210.97 | 217.14 | NOTE | |
r-devel-linux-x86_64-debian-gcc | 0.1.3.5 | 4.32 | 145.54 | 149.86 | NOTE | |
r-devel-linux-x86_64-fedora-clang | 0.1.3.5 | 361.45 | NOTE | |||
r-devel-linux-x86_64-fedora-gcc | 0.1.3.5 | 370.41 | NOTE | |||
r-devel-macos-arm64 | 0.1.3.5 | 116.00 | OK | |||
r-devel-macos-x86_64 | 0.1.3.5 | 220.00 | NOTE | |||
r-devel-windows-x86_64 | 0.1.3.5 | 8.00 | 262.00 | 270.00 | NOTE | |
r-patched-linux-x86_64 | 0.1.3.5 | 7.13 | 197.92 | 205.05 | OK | |
r-release-linux-x86_64 | 0.1.3.5 | 5.62 | 196.08 | 201.70 | OK | |
r-release-macos-arm64 | 0.1.3.5 | 127.00 | OK | |||
r-release-macos-x86_64 | 0.1.3.5 | 220.00 | OK | |||
r-release-windows-x86_64 | 0.1.3.5 | 8.00 | 264.00 | 272.00 | OK | |
r-oldrel-macos-arm64 | 0.1.3.5 | 140.00 | OK | |||
r-oldrel-macos-x86_64 | 0.1.3.5 | 230.00 | OK | |||
r-oldrel-windows-x86_64 | 0.1.3.5 | 11.00 | 295.00 | 306.00 | OK |
Version: 0.1.3.5
Check: DESCRIPTION meta-information
Result: NOTE
Missing dependency on R >= 4.1.0 because package code uses the pipe
|> or function shorthand \(...) syntax added in R 4.1.0.
File(s) using such syntax:
‘summary.spjctest.R’ ‘summary.spqtest.R’
Flavors: r-devel-linux-x86_64-debian-clang, r-devel-linux-x86_64-debian-gcc, r-devel-linux-x86_64-fedora-clang, r-devel-linux-x86_64-fedora-gcc, r-devel-macos-x86_64, r-devel-windows-x86_64