Last updated on 2025-02-21 05:51:00 CET.
Flavor | Version | Tinstall | Tcheck | Ttotal | Status | Flags |
---|---|---|---|---|---|---|
r-devel-linux-x86_64-debian-clang | 0.8.0 | 158.09 | 347.01 | 505.10 | OK | |
r-devel-linux-x86_64-debian-gcc | 0.8.0 | 100.99 | 212.36 | 313.35 | OK | |
r-devel-linux-x86_64-fedora-clang | 0.8.0 | 843.96 | OK | |||
r-devel-linux-x86_64-fedora-gcc | 0.8.0 | 785.85 | OK | |||
r-devel-macos-arm64 | 0.8.0 | 176.00 | OK | |||
r-devel-macos-x86_64 | 0.8.0 | 371.00 | OK | |||
r-devel-windows-x86_64 | 0.8.0 | 155.00 | 336.00 | 491.00 | OK | |
r-patched-linux-x86_64 | 0.8.0 | 160.69 | 323.01 | 483.70 | OK | |
r-release-linux-x86_64 | 0.8.0 | 150.74 | 319.53 | 470.27 | OK | |
r-release-macos-arm64 | 0.8.0 | 174.00 | NOTE | |||
r-release-macos-x86_64 | 0.8.0 | 320.00 | NOTE | |||
r-release-windows-x86_64 | 0.8.0 | 157.00 | 337.00 | 494.00 | OK | |
r-oldrel-macos-arm64 | 0.8.0 | 168.00 | NOTE | |||
r-oldrel-macos-x86_64 | 0.8.0 | 322.00 | NOTE | |||
r-oldrel-windows-x86_64 | 0.8.0 | 188.00 | 418.00 | 606.00 | NOTE |
Version: 0.8.0
Check: installed package size
Result: NOTE
installed size is 6.6Mb
sub-directories of 1Mb or more:
R 2.0Mb
libs 3.2Mb
Flavors: r-release-macos-arm64, r-release-macos-x86_64, r-oldrel-macos-arm64, r-oldrel-macos-x86_64, r-oldrel-windows-x86_64