Last updated on 2025-02-21 05:50:59 CET.
Flavor | Version | Tinstall | Tcheck | Ttotal | Status | Flags |
---|---|---|---|---|---|---|
r-devel-linux-x86_64-debian-clang | 0.1-7 | 13.54 | 100.61 | 114.15 | NOTE | |
r-devel-linux-x86_64-debian-gcc | 0.1-7 | 8.64 | 67.47 | 76.11 | NOTE | |
r-devel-linux-x86_64-fedora-clang | 0.1-7 | 180.78 | OK | |||
r-devel-linux-x86_64-fedora-gcc | 0.1-7 | 168.41 | OK | |||
r-devel-macos-arm64 | 0.1-7 | 46.00 | OK | |||
r-devel-macos-x86_64 | 0.1-7 | 89.00 | OK | |||
r-devel-windows-x86_64 | 0.1-7 | 14.00 | 113.00 | 127.00 | NOTE | |
r-patched-linux-x86_64 | 0.1-7 | 17.63 | 94.01 | 111.64 | OK | |
r-release-linux-x86_64 | 0.1-7 | 14.83 | 92.58 | 107.41 | OK | |
r-release-macos-arm64 | 0.1-7 | 45.00 | OK | |||
r-release-macos-x86_64 | 0.1-7 | 70.00 | OK | |||
r-release-windows-x86_64 | 0.1-7 | 14.00 | 103.00 | 117.00 | OK | |
r-oldrel-macos-arm64 | 0.1-7 | 51.00 | OK | |||
r-oldrel-macos-x86_64 | 0.1-7 | 81.00 | OK | |||
r-oldrel-windows-x86_64 | 0.1-7 | 18.00 | 122.00 | 140.00 | OK |
Version: 0.1-7
Check: Rd cross-references
Result: NOTE
Found the following Rd file(s) with Rd \link{} targets missing package
anchors:
soilhypfit_control_fit_wrc_hcc.Rd: nloptr
soilhypfit_fit_wrc_hcc.Rd: nloptr
Please provide package anchors for all Rd \link{} targets not in the
package itself and the base packages.
Flavors: r-devel-linux-x86_64-debian-clang, r-devel-linux-x86_64-debian-gcc, r-devel-windows-x86_64