Last updated on 2025-02-21 05:50:59 CET.
Flavor | Version | Tinstall | Tcheck | Ttotal | Status | Flags |
---|---|---|---|---|---|---|
r-devel-linux-x86_64-debian-clang | 1.6-1 | 2.40 | 17.93 | 20.33 | OK | |
r-devel-linux-x86_64-debian-gcc | 1.6-1 | 1.92 | 16.65 | 18.57 | OK | |
r-devel-linux-x86_64-fedora-clang | 1.6-1 | 44.85 | OK | |||
r-devel-linux-x86_64-fedora-gcc | 1.6-1 | 43.52 | OK | |||
r-devel-macos-arm64 | 1.6-1 | 21.00 | OK | |||
r-devel-macos-x86_64 | 1.6-1 | 34.00 | OK | |||
r-devel-windows-x86_64 | 1.6-1 | 3.00 | 66.00 | 69.00 | OK | |
r-patched-linux-x86_64 | 1.6-1 | 2.42 | 17.34 | 19.76 | OK | |
r-release-linux-x86_64 | 1.6-1 | 2.30 | 17.52 | 19.82 | OK | |
r-release-macos-arm64 | 1.6-1 | 22.00 | NOTE | |||
r-release-macos-x86_64 | 1.6-1 | 31.00 | NOTE | |||
r-release-windows-x86_64 | 1.6-1 | 3.00 | 57.00 | 60.00 | OK | |
r-oldrel-macos-arm64 | 1.6-1 | 25.00 | NOTE | |||
r-oldrel-macos-x86_64 | 1.6-1 | 51.00 | NOTE | |||
r-oldrel-windows-x86_64 | 1.6-1 | 5.00 | 60.00 | 65.00 | OK |
Version: 1.6-1
Check: package dependencies
Result: NOTE
Package suggested but not available for checking: ‘Rmpi’
Flavors: r-release-macos-arm64, r-release-macos-x86_64, r-oldrel-macos-arm64, r-oldrel-macos-x86_64