Last updated on 2025-02-21 05:50:59 CET.
Flavor | Version | Tinstall | Tcheck | Ttotal | Status | Flags |
---|---|---|---|---|---|---|
r-devel-linux-x86_64-debian-clang | 0.1.5.4 | 58.46 | 345.47 | 403.93 | OK | |
r-devel-linux-x86_64-debian-gcc | 0.1.5.4 | 39.49 | 203.24 | 242.73 | OK | |
r-devel-linux-x86_64-fedora-clang | 0.1.5.4 | 669.41 | NOTE | |||
r-devel-linux-x86_64-fedora-gcc | 0.1.5.4 | 675.68 | NOTE | |||
r-devel-macos-arm64 | 0.1.5.4 | 331.00 | OK | |||
r-devel-macos-x86_64 | 0.1.5.4 | 779.00 | OK | |||
r-devel-windows-x86_64 | 0.1.5.4 | 61.00 | 75.00 | 136.00 | OK | --no-vignettes |
r-patched-linux-x86_64 | 0.1.5.4 | 53.22 | 335.06 | 388.28 | NOTE | |
r-release-linux-x86_64 | 0.1.5.4 | 51.95 | 340.25 | 392.20 | NOTE | |
r-release-macos-arm64 | 0.1.5.4 | 201.00 | NOTE | |||
r-release-macos-x86_64 | 0.1.5.4 | 348.00 | NOTE | |||
r-release-windows-x86_64 | 0.1.5.4 | 64.00 | 72.00 | 136.00 | NOTE | --no-vignettes |
r-oldrel-macos-arm64 | 0.1.5.4 | 369.00 | NOTE | |||
r-oldrel-macos-x86_64 | 0.1.5.4 | 712.00 | NOTE | |||
r-oldrel-windows-x86_64 | 0.1.5.4 | 76.00 | 77.00 | 153.00 | NOTE | --no-vignettes |
Version: 0.1.5.4
Check: compiled code
Result: NOTE
File ‘skm/libs/skm.so’:
Found no calls to: ‘R_registerRoutines’, ‘R_useDynamicSymbols’
It is good practice to register native routines and to disable symbol
search.
See ‘Writing portable packages’ in the ‘Writing R Extensions’ manual.
Flavors: r-devel-linux-x86_64-fedora-clang, r-devel-linux-x86_64-fedora-gcc
Version: 0.1.5.4
Check: for GNU extensions in Makefiles
Result: NOTE
GNU make is a SystemRequirements.
Flavors: r-patched-linux-x86_64, r-release-linux-x86_64, r-release-macos-arm64, r-release-macos-x86_64, r-oldrel-macos-arm64, r-oldrel-macos-x86_64
Version: 0.1.5.4
Check: installed package size
Result: NOTE
installed size is 7.1Mb
sub-directories of 1Mb or more:
doc 1.1Mb
libs 5.0Mb
Flavors: r-release-macos-arm64, r-release-macos-x86_64, r-oldrel-macos-arm64, r-oldrel-macos-x86_64
Version: 0.1.5.4
Flags: --no-vignettes
Check: for GNU extensions in Makefiles
Result: NOTE
GNU make is a SystemRequirements.
Flavors: r-release-windows-x86_64, r-oldrel-windows-x86_64