Last updated on 2025-02-21 05:50:59 CET.
Flavor | Version | Tinstall | Tcheck | Ttotal | Status | Flags |
---|---|---|---|---|---|---|
r-devel-linux-x86_64-debian-clang | 0.4.0 | 3.21 | 154.76 | 157.97 | OK | |
r-devel-linux-x86_64-debian-gcc | 0.4.0 | 2.28 | 110.42 | 112.70 | OK | |
r-devel-linux-x86_64-fedora-clang | 0.4.0 | 241.30 | OK | |||
r-devel-linux-x86_64-fedora-gcc | 0.4.0 | 287.89 | OK | |||
r-devel-macos-arm64 | 0.4.0 | 152.00 | OK | |||
r-devel-macos-x86_64 | 0.4.0 | 302.00 | OK | |||
r-devel-windows-x86_64 | 0.4.0 | 6.00 | 198.00 | 204.00 | OK | |
r-patched-linux-x86_64 | 0.4.0 | 3.34 | 145.36 | 148.70 | OK | |
r-release-linux-x86_64 | 0.4.0 | 2.38 | 146.46 | 148.84 | OK | |
r-release-macos-arm64 | 0.4.0 | 151.00 | OK | |||
r-release-macos-x86_64 | 0.4.0 | 244.00 | OK | |||
r-release-windows-x86_64 | 0.4.0 | 6.00 | 205.00 | 211.00 | OK | |
r-oldrel-macos-arm64 | 0.4.0 | 9.00 | ERROR | |||
r-oldrel-macos-x86_64 | 0.4.0 | 282.00 | OK | |||
r-oldrel-windows-x86_64 | 0.4.0 | 6.00 | 213.00 | 219.00 | OK |
Version: 0.4.0
Check: package dependencies
Result: ERROR
Package required but not available: ‘epiparameter’
See section ‘The DESCRIPTION file’ in the ‘Writing R Extensions’
manual.
Flavor: r-oldrel-macos-arm64