Last updated on 2025-02-21 05:50:59 CET.
Flavor | Version | Tinstall | Tcheck | Ttotal | Status | Flags |
---|---|---|---|---|---|---|
r-devel-linux-x86_64-debian-clang | 0.0.6 | 2.27 | 23.53 | 25.80 | NOTE | |
r-devel-linux-x86_64-debian-gcc | 0.0.6 | 1.69 | 18.91 | 20.60 | NOTE | |
r-devel-linux-x86_64-fedora-clang | 0.0.6 | 41.99 | NOTE | |||
r-devel-linux-x86_64-fedora-gcc | 0.0.6 | 53.03 | NOTE | |||
r-devel-macos-arm64 | 0.0.6 | 25.00 | OK | |||
r-devel-macos-x86_64 | 0.0.6 | 37.00 | NOTE | |||
r-devel-windows-x86_64 | 0.0.6 | 3.00 | 55.00 | 58.00 | NOTE | |
r-patched-linux-x86_64 | 0.0.6 | 2.40 | 22.55 | 24.95 | OK | |
r-release-linux-x86_64 | 0.0.6 | 2.14 | 22.49 | 24.63 | OK | |
r-release-macos-arm64 | 0.0.6 | 24.00 | OK | |||
r-release-macos-x86_64 | 0.0.6 | 33.00 | OK | |||
r-release-windows-x86_64 | 0.0.6 | 3.00 | 51.00 | 54.00 | OK | |
r-oldrel-macos-arm64 | 0.0.6 | 26.00 | OK | |||
r-oldrel-macos-x86_64 | 0.0.6 | 34.00 | OK | |||
r-oldrel-windows-x86_64 | 0.0.6 | 3.00 | 47.00 | 50.00 | OK |
Version: 0.0.6
Check: DESCRIPTION meta-information
Result: NOTE
Missing dependency on R >= 4.1.0 because package code uses the pipe
|> or function shorthand \(...) syntax added in R 4.1.0.
File(s) using such syntax:
‘markdown_block.R’
Flavors: r-devel-linux-x86_64-debian-clang, r-devel-linux-x86_64-debian-gcc, r-devel-linux-x86_64-fedora-clang, r-devel-linux-x86_64-fedora-gcc, r-devel-macos-x86_64, r-devel-windows-x86_64