Last updated on 2025-02-21 05:50:59 CET.
Flavor | Version | Tinstall | Tcheck | Ttotal | Status | Flags |
---|---|---|---|---|---|---|
r-devel-linux-x86_64-debian-clang | 0.3.1 | 3.20 | 223.80 | 227.00 | NOTE | |
r-devel-linux-x86_64-debian-gcc | 0.3.1 | 2.54 | 130.96 | 133.50 | NOTE | |
r-devel-linux-x86_64-fedora-clang | 0.3.1 | 368.43 | NOTE | |||
r-devel-linux-x86_64-fedora-gcc | 0.3.1 | 365.42 | NOTE | |||
r-devel-macos-arm64 | 0.3.1 | 91.00 | OK | |||
r-devel-macos-x86_64 | 0.3.1 | 231.00 | NOTE | |||
r-devel-windows-x86_64 | 0.3.1 | 6.00 | 190.00 | 196.00 | NOTE | |
r-patched-linux-x86_64 | 0.3.1 | 3.00 | 211.44 | 214.44 | OK | |
r-release-linux-x86_64 | 0.3.1 | 3.50 | 213.21 | 216.71 | OK | |
r-release-macos-arm64 | 0.3.1 | 93.00 | OK | |||
r-release-macos-x86_64 | 0.3.1 | 179.00 | OK | |||
r-release-windows-x86_64 | 0.3.1 | 6.00 | 193.00 | 199.00 | OK | |
r-oldrel-macos-arm64 | 0.3.1 | 88.00 | OK | |||
r-oldrel-macos-x86_64 | 0.3.1 | 223.00 | OK | |||
r-oldrel-windows-x86_64 | 0.3.1 | 7.00 | 269.00 | 276.00 | OK |
Version: 0.3.1
Check: DESCRIPTION meta-information
Result: NOTE
Missing dependency on R >= 4.1.0 because package code uses the pipe
|> or function shorthand \(...) syntax added in R 4.1.0.
File(s) using such syntax:
‘bootstrap-projection.R’ ‘bundle_sim.R’ ‘calc_coverage.R’
‘calc_rejection.R’ ‘utilities.R’
Flavors: r-devel-linux-x86_64-debian-clang, r-devel-linux-x86_64-debian-gcc, r-devel-linux-x86_64-fedora-clang, r-devel-linux-x86_64-fedora-gcc, r-devel-macos-x86_64, r-devel-windows-x86_64