Last updated on 2025-02-20 04:51:29 CET.
Flavor | Version | Tinstall | Tcheck | Ttotal | Status | Flags |
---|---|---|---|---|---|---|
r-devel-linux-x86_64-debian-clang | 1.0.0 | 9.68 | 45.24 | 54.92 | OK | |
r-devel-linux-x86_64-debian-gcc | 1.0.0 | 7.16 | 32.93 | 40.09 | OK | |
r-devel-linux-x86_64-fedora-clang | 1.0.0 | 92.17 | NOTE | |||
r-devel-linux-x86_64-fedora-gcc | 1.0.0 | 101.46 | NOTE | |||
r-devel-macos-arm64 | 1.0.0 | 45.00 | OK | |||
r-devel-macos-x86_64 | 1.0.0 | 62.00 | OK | |||
r-devel-windows-x86_64 | 1.0.0 | 9.00 | 64.00 | 73.00 | OK | |
r-patched-linux-x86_64 | 1.0.0 | 10.06 | 42.07 | 52.13 | OK | |
r-release-linux-x86_64 | 1.0.0 | 11.01 | 42.67 | 53.68 | OK | |
r-release-macos-arm64 | 1.0.0 | 38.00 | OK | |||
r-release-macos-x86_64 | 1.0.0 | 53.00 | OK | |||
r-release-windows-x86_64 | 1.0.0 | 10.00 | 64.00 | 74.00 | OK | |
r-oldrel-macos-arm64 | 1.0.0 | 38.00 | OK | |||
r-oldrel-macos-x86_64 | 1.0.0 | 53.00 | OK | |||
r-oldrel-windows-x86_64 | 1.0.0 | 12.00 | 71.00 | 83.00 | OK |
Version: 1.0.0
Check: dependencies in R code
Result: NOTE
Namespace in Imports field not imported from: ‘reticulate’
All declared Imports should be used.
Flavors: r-devel-linux-x86_64-fedora-clang, r-devel-linux-x86_64-fedora-gcc