Last updated on 2025-02-21 05:50:57 CET.
Flavor | Version | Tinstall | Tcheck | Ttotal | Status | Flags |
---|---|---|---|---|---|---|
r-devel-linux-x86_64-debian-clang | 1.0.2 | 13.90 | 104.30 | 118.20 | NOTE | |
r-devel-linux-x86_64-debian-gcc | 1.0.2 | 9.46 | 75.24 | 84.70 | NOTE | |
r-devel-linux-x86_64-fedora-clang | 1.0.2 | 174.57 | OK | |||
r-devel-linux-x86_64-fedora-gcc | 1.0.2 | 185.99 | OK | |||
r-devel-macos-arm64 | 1.0.2 | 69.00 | OK | |||
r-devel-macos-x86_64 | 1.0.2 | 117.00 | OK | |||
r-devel-windows-x86_64 | 1.0.2 | 14.00 | 108.00 | 122.00 | NOTE | |
r-patched-linux-x86_64 | 1.0.2 | 21.97 | 93.13 | 115.10 | OK | |
r-release-linux-x86_64 | 1.0.2 | 12.20 | 94.22 | 106.42 | OK | |
r-release-macos-arm64 | 1.0.2 | 57.00 | OK | |||
r-release-macos-x86_64 | 1.0.2 | 82.00 | OK | |||
r-release-windows-x86_64 | 1.0.2 | 14.00 | 108.00 | 122.00 | OK | |
r-oldrel-macos-arm64 | 1.0.2 | 56.00 | OK | |||
r-oldrel-macos-x86_64 | 1.0.2 | 93.00 | OK | |||
r-oldrel-windows-x86_64 | 1.0.2 | 18.00 | 129.00 | 147.00 | OK |
Version: 1.0.2
Check: Rd cross-references
Result: NOTE
Found the following Rd file(s) with Rd \link{} targets missing package
anchors:
load.trees.Rd: read.nexus, read.tree
Please provide package anchors for all Rd \link{} targets not in the
package itself and the base packages.
Flavors: r-devel-linux-x86_64-debian-clang, r-devel-linux-x86_64-debian-gcc, r-devel-windows-x86_64