CRAN Package Check Results for Package rrscale

Last updated on 2025-02-20 04:51:28 CET.

Flavor Version Tinstall Tcheck Ttotal Status Flags
r-devel-linux-x86_64-debian-clang 1.0 2.34 42.95 45.29 OK
r-devel-linux-x86_64-debian-gcc 1.0 1.78 31.59 33.37 OK
r-devel-linux-x86_64-fedora-clang 1.0 71.14 NOTE
r-devel-linux-x86_64-fedora-gcc 1.0 84.39 NOTE
r-devel-macos-arm64 1.0 30.00 OK
r-devel-macos-x86_64 1.0 80.00 OK
r-devel-windows-x86_64 1.0 4.00 62.00 66.00 OK
r-patched-linux-x86_64 1.0 2.24 40.47 42.71 NOTE
r-release-linux-x86_64 1.0 2.21 40.44 42.65 NOTE
r-release-macos-arm64 1.0 31.00 NOTE
r-release-macos-x86_64 1.0 50.00 NOTE
r-release-windows-x86_64 1.0 4.00 64.00 68.00 NOTE
r-oldrel-macos-arm64 1.0 29.00 NOTE
r-oldrel-macos-x86_64 1.0 51.00 NOTE
r-oldrel-windows-x86_64 1.0 4.00 62.00 66.00 NOTE

Check Details

Version: 1.0
Check: dependencies in R code
Result: NOTE Namespace in Imports field not imported from: ‘abind’ All declared Imports should be used. Flavors: r-devel-linux-x86_64-fedora-clang, r-devel-linux-x86_64-fedora-gcc

Version: 1.0
Check: LazyData
Result: NOTE 'LazyData' is specified without a 'data' directory Flavors: r-patched-linux-x86_64, r-release-linux-x86_64, r-release-macos-arm64, r-release-macos-x86_64, r-release-windows-x86_64, r-oldrel-macos-arm64, r-oldrel-macos-x86_64, r-oldrel-windows-x86_64