Last updated on 2025-02-21 05:50:57 CET.
Flavor | Version | Tinstall | Tcheck | Ttotal | Status | Flags |
---|---|---|---|---|---|---|
r-devel-linux-x86_64-debian-clang | 0.1.3 | 8.17 | 115.45 | 123.62 | NOTE | |
r-devel-linux-x86_64-debian-gcc | 0.1.3 | 6.19 | 75.07 | 81.26 | NOTE | |
r-devel-linux-x86_64-fedora-clang | 0.1.3 | 196.92 | OK | |||
r-devel-linux-x86_64-fedora-gcc | 0.1.3 | 190.03 | OK | |||
r-devel-macos-arm64 | 0.1.3 | 58.00 | OK | |||
r-devel-macos-x86_64 | 0.1.3 | 105.00 | OK | |||
r-devel-windows-x86_64 | 0.1.3 | 15.00 | 114.00 | 129.00 | NOTE | |
r-patched-linux-x86_64 | 0.1.3 | 14.01 | 97.11 | 111.12 | OK | |
r-release-linux-x86_64 | 0.1.3 | 8.59 | 97.69 | 106.28 | OK | |
r-release-macos-arm64 | 0.1.3 | 63.00 | OK | |||
r-release-macos-x86_64 | 0.1.3 | 90.00 | OK | |||
r-release-windows-x86_64 | 0.1.3 | 13.00 | 111.00 | 124.00 | OK | |
r-oldrel-macos-arm64 | 0.1.3 | 59.00 | OK | |||
r-oldrel-macos-x86_64 | 0.1.3 | 158.00 | OK | |||
r-oldrel-windows-x86_64 | 0.1.3 | 15.00 | 136.00 | 151.00 | OK |
Version: 0.1.3
Check: Rd cross-references
Result: NOTE
Found the following Rd file(s) with Rd \link{} targets missing package
anchors:
RollingLDA.Rd: LDA
updateRollingLDA.Rd: LDA
Please provide package anchors for all Rd \link{} targets not in the
package itself and the base packages.
Flavors: r-devel-linux-x86_64-debian-clang, r-devel-linux-x86_64-debian-gcc, r-devel-windows-x86_64