Last updated on 2025-02-20 04:51:27 CET.
Flavor | Version | Tinstall | Tcheck | Ttotal | Status | Flags |
---|---|---|---|---|---|---|
r-devel-linux-x86_64-debian-clang | 1.1.1 | 96.59 | 90.13 | 186.72 | NOTE | |
r-devel-linux-x86_64-debian-gcc | 1.1.1 | 79.30 | 64.62 | 143.92 | NOTE | |
r-devel-linux-x86_64-fedora-clang | 1.1.1 | 340.01 | NOTE | |||
r-devel-linux-x86_64-fedora-gcc | 1.1.1 | 332.23 | NOTE | |||
r-devel-macos-arm64 | 1.1.1 | 81.00 | NOTE | |||
r-devel-macos-x86_64 | 1.1.1 | 112.00 | NOTE | |||
r-devel-windows-x86_64 | 1.1.1 | 102.00 | 111.00 | 213.00 | NOTE | |
r-patched-linux-x86_64 | 1.1.1 | 103.64 | 82.35 | 185.99 | NOTE | |
r-release-linux-x86_64 | 1.1.1 | 99.31 | 80.97 | 180.28 | NOTE | |
r-release-macos-arm64 | 1.1.1 | 87.00 | NOTE | |||
r-release-macos-x86_64 | 1.1.1 | 94.00 | NOTE | |||
r-release-windows-x86_64 | 1.1.1 | 104.00 | 112.00 | 216.00 | NOTE | |
r-oldrel-macos-arm64 | 1.1.1 | 95.00 | NOTE | |||
r-oldrel-macos-x86_64 | 1.1.1 | 165.00 | NOTE | |||
r-oldrel-windows-x86_64 | 1.1.1 | 132.00 | 132.00 | 264.00 | NOTE |
Version: 1.1.1
Check: C++ specification
Result: NOTE
Specified C++11: please drop specification unless essential
Flavors: r-devel-linux-x86_64-debian-clang, r-devel-linux-x86_64-debian-gcc, r-devel-linux-x86_64-fedora-clang, r-devel-linux-x86_64-fedora-gcc, r-devel-macos-arm64, r-devel-macos-x86_64, r-devel-windows-x86_64, r-patched-linux-x86_64, r-release-linux-x86_64, r-release-macos-arm64, r-release-macos-x86_64, r-release-windows-x86_64, r-oldrel-macos-arm64, r-oldrel-macos-x86_64, r-oldrel-windows-x86_64
Version: 1.1.1
Check: installed package size
Result: NOTE
installed size is 6.7Mb
sub-directories of 1Mb or more:
libs 6.5Mb
Flavors: r-release-macos-arm64, r-release-macos-x86_64, r-oldrel-macos-arm64, r-oldrel-macos-x86_64