Last updated on 2025-02-20 04:51:26 CET.
Flavor | Version | Tinstall | Tcheck | Ttotal | Status | Flags |
---|---|---|---|---|---|---|
r-devel-linux-x86_64-debian-clang | 0.0.2 | 1.86 | 25.02 | 26.88 | NOTE | |
r-devel-linux-x86_64-debian-gcc | 0.0.2 | 1.38 | 19.34 | 20.72 | NOTE | |
r-devel-linux-x86_64-fedora-clang | 0.0.2 | 43.52 | NOTE | |||
r-devel-linux-x86_64-fedora-gcc | 0.0.2 | 55.30 | NOTE | |||
r-devel-macos-arm64 | 0.0.2 | 25.00 | OK | |||
r-devel-macos-x86_64 | 0.0.2 | 43.00 | NOTE | |||
r-devel-windows-x86_64 | 0.0.2 | 3.00 | 55.00 | 58.00 | NOTE | |
r-patched-linux-x86_64 | 0.0.2 | 1.88 | 24.09 | 25.97 | OK | |
r-release-linux-x86_64 | 0.0.2 | 1.66 | 24.11 | 25.77 | OK | |
r-release-macos-arm64 | 0.0.2 | 26.00 | OK | |||
r-release-macos-x86_64 | 0.0.2 | 41.00 | OK | |||
r-release-windows-x86_64 | 0.0.2 | 4.00 | 52.00 | 56.00 | OK | |
r-oldrel-macos-arm64 | 0.0.2 | 31.00 | OK | |||
r-oldrel-macos-x86_64 | 0.0.2 | 48.00 | OK | |||
r-oldrel-windows-x86_64 | 0.0.2 | 4.00 | 44.00 | 48.00 | OK |
Version: 0.0.2
Check: DESCRIPTION meta-information
Result: NOTE
Missing dependency on R >= 4.1.0 because package code uses the pipe
|> or function shorthand \(...) syntax added in R 4.1.0.
File(s) using such syntax:
‘resp_distributions.R’ ‘util.R’
Flavors: r-devel-linux-x86_64-debian-clang, r-devel-linux-x86_64-debian-gcc, r-devel-linux-x86_64-fedora-clang, r-devel-linux-x86_64-fedora-gcc, r-devel-macos-x86_64, r-devel-windows-x86_64