Last updated on 2025-02-21 05:50:56 CET.
Flavor | Version | Tinstall | Tcheck | Ttotal | Status | Flags |
---|---|---|---|---|---|---|
r-devel-linux-x86_64-debian-clang | 0.0-2 | 1.81 | 20.60 | 22.41 | NOTE | |
r-devel-linux-x86_64-debian-gcc | 0.0-2 | 1.35 | 16.79 | 18.14 | NOTE | |
r-devel-linux-x86_64-fedora-clang | 0.0-2 | 35.90 | OK | |||
r-devel-linux-x86_64-fedora-gcc | 0.0-2 | 34.37 | OK | |||
r-devel-macos-arm64 | 0.0-2 | 17.00 | OK | |||
r-devel-macos-x86_64 | 0.0-2 | 29.00 | OK | |||
r-devel-windows-x86_64 | 0.0-2 | 3.00 | 50.00 | 53.00 | NOTE | |
r-patched-linux-x86_64 | 0.0-2 | 4.29 | 20.21 | 24.50 | OK | |
r-release-linux-x86_64 | 0.0-2 | 1.38 | 20.18 | 21.56 | OK | |
r-release-macos-arm64 | 0.0-2 | 17.00 | OK | |||
r-release-macos-x86_64 | 0.0-2 | 24.00 | OK | |||
r-release-windows-x86_64 | 0.0-2 | 3.00 | 50.00 | 53.00 | OK | |
r-oldrel-macos-arm64 | 0.0-2 | 18.00 | OK | |||
r-oldrel-macos-x86_64 | 0.0-2 | 23.00 | OK | |||
r-oldrel-windows-x86_64 | 0.0-2 | 4.00 | 64.00 | 68.00 | OK |
Version: 0.0-2
Check: Rd cross-references
Result: NOTE
Found the following Rd file(s) with Rd \link{} targets missing package
anchors:
DateTime.Rd: ClassGroups
Please provide package anchors for all Rd \link{} targets not in the
package itself and the base packages.
Flavors: r-devel-linux-x86_64-debian-clang, r-devel-linux-x86_64-debian-gcc, r-devel-windows-x86_64