Last updated on 2025-02-20 04:51:25 CET.
Flavor | Version | Tinstall | Tcheck | Ttotal | Status | Flags |
---|---|---|---|---|---|---|
r-devel-linux-x86_64-debian-clang | 1.1.0 | 90.76 | 103.11 | 193.87 | OK | |
r-devel-linux-x86_64-debian-gcc | 1.1.0 | 72.48 | 73.19 | 145.67 | OK | |
r-devel-linux-x86_64-fedora-clang | 1.1.0 | 322.13 | OK | |||
r-devel-linux-x86_64-fedora-gcc | 1.1.0 | 343.85 | OK | |||
r-devel-macos-arm64 | 1.1.0 | 92.00 | OK | |||
r-devel-macos-x86_64 | 1.1.0 | 161.00 | OK | |||
r-devel-windows-x86_64 | 1.1.0 | 85.00 | 148.00 | 233.00 | OK | |
r-patched-linux-x86_64 | 1.1.0 | 91.16 | 98.20 | 189.36 | OK | |
r-release-linux-x86_64 | 1.1.0 | 91.88 | 96.45 | 188.33 | OK | |
r-release-macos-arm64 | 1.1.0 | 87.00 | NOTE | |||
r-release-macos-x86_64 | 1.1.0 | 219.00 | NOTE | |||
r-release-windows-x86_64 | 1.1.0 | 85.00 | 143.00 | 228.00 | OK | |
r-oldrel-macos-arm64 | 1.1.0 | 90.00 | NOTE | |||
r-oldrel-macos-x86_64 | 1.1.0 | 187.00 | NOTE | |||
r-oldrel-windows-x86_64 | 1.1.0 | 111.00 | 181.00 | 292.00 | OK |
Version: 1.1.0
Check: installed package size
Result: NOTE
installed size is 24.3Mb
sub-directories of 1Mb or more:
libs 23.6Mb
Flavors: r-release-macos-arm64, r-release-macos-x86_64, r-oldrel-macos-arm64, r-oldrel-macos-x86_64