Last updated on 2025-02-21 05:50:55 CET.
Flavor | Version | Tinstall | Tcheck | Ttotal | Status | Flags |
---|---|---|---|---|---|---|
r-devel-linux-x86_64-debian-clang | 1.7-1 | 13.30 | 101.89 | 115.19 | NOTE | |
r-devel-linux-x86_64-debian-gcc | 1.7-1 | 8.79 | 74.09 | 82.88 | NOTE | |
r-devel-linux-x86_64-fedora-clang | 1.7-1 | 182.42 | OK | |||
r-devel-linux-x86_64-fedora-gcc | 1.7-1 | 194.05 | OK | |||
r-devel-macos-arm64 | 1.7-1 | 55.00 | OK | |||
r-devel-macos-x86_64 | 1.7-1 | 114.00 | OK | |||
r-devel-windows-x86_64 | 1.7-1 | 14.00 | 115.00 | 129.00 | NOTE | |
r-patched-linux-x86_64 | 1.7-1 | 16.35 | 97.12 | 113.47 | OK | |
r-release-linux-x86_64 | 1.7-1 | 11.79 | 96.56 | 108.35 | OK | |
r-release-macos-arm64 | 1.7-1 | 54.00 | OK | |||
r-release-macos-x86_64 | 1.7-1 | 88.00 | OK | |||
r-release-windows-x86_64 | 1.7-1 | 13.00 | 114.00 | 127.00 | OK | |
r-oldrel-macos-arm64 | 1.7-1 | 59.00 | OK | |||
r-oldrel-macos-x86_64 | 1.7-1 | 144.00 | OK | |||
r-oldrel-windows-x86_64 | 1.7-1 | 16.00 | 136.00 | 152.00 | OK |
Version: 1.7-1
Check: Rd cross-references
Result: NOTE
Found the following Rd file(s) with Rd \link{} targets missing package
anchors:
logLik.gcrq.Rd: logLik.rq
Please provide package anchors for all Rd \link{} targets not in the
package itself and the base packages.
Flavors: r-devel-linux-x86_64-debian-clang, r-devel-linux-x86_64-debian-gcc, r-devel-windows-x86_64