Last updated on 2024-05-09 03:52:35 CEST.
Flavor | Version | Tinstall | Tcheck | Ttotal | Status | Flags |
---|---|---|---|---|---|---|
r-devel-linux-x86_64-debian-clang | 2.8-3 | 7.06 | 73.77 | 80.83 | OK | |
r-devel-linux-x86_64-debian-gcc | 2.8-3 | 4.67 | 54.54 | 59.21 | OK | |
r-devel-linux-x86_64-fedora-clang | 2.8-3 | 98.80 | NOTE | |||
r-devel-linux-x86_64-fedora-gcc | 2.8-3 | 115.42 | OK | |||
r-devel-windows-x86_64 | 2.8-3 | 6.00 | 95.00 | 101.00 | OK | |
r-patched-linux-x86_64 | 2.8-3 | 8.45 | 69.95 | 78.40 | OK | |
r-release-linux-x86_64 | 2.8-3 | 6.92 | 69.78 | 76.70 | OK | |
r-release-macos-arm64 | 2.8-3 | 36.00 | NOTE | |||
r-release-windows-x86_64 | 2.8-3 | 6.00 | 94.00 | 100.00 | OK | |
r-oldrel-macos-arm64 | 2.8-3 | 50.00 | NOTE | |||
r-oldrel-macos-x86_64 | 2.8-3 | 173.00 | NOTE | |||
r-oldrel-windows-x86_64 | 2.8-3 | 7.00 | 93.00 | 100.00 | OK |
Version: 2.8-3
Check: Rd cross-references
Result: NOTE
Undeclared package ‘sm’ in Rd xrefs
Flavor: r-devel-linux-x86_64-fedora-clang
Version: 2.8-3
Check: package dependencies
Result: NOTE
Package suggested but not available for checking: ‘Rmpi’
Flavors: r-release-macos-arm64, r-oldrel-macos-arm64, r-oldrel-macos-x86_64