CRAN Package Check Results for Package phylogram

Last updated on 2025-02-21 05:50:53 CET.

Flavor Version Tinstall Tcheck Ttotal Status Flags
r-devel-linux-x86_64-debian-clang 2.1.0 2.39 39.87 42.26 OK
r-devel-linux-x86_64-debian-gcc 2.1.0 2.14 30.44 32.58 OK
r-devel-linux-x86_64-fedora-clang 2.1.0 67.72 OK
r-devel-linux-x86_64-fedora-gcc 2.1.0 77.74 OK
r-devel-macos-arm64 2.1.0 30.00 OK
r-devel-macos-x86_64 2.1.0 53.00 OK
r-devel-windows-x86_64 2.1.0 4.00 66.00 70.00 OK
r-patched-linux-x86_64 2.1.0 2.72 38.10 40.82 NOTE
r-release-linux-x86_64 2.1.0 2.95 38.11 41.06 NOTE
r-release-macos-arm64 2.1.0 28.00 NOTE
r-release-macos-x86_64 2.1.0 42.00 NOTE
r-release-windows-x86_64 2.1.0 4.00 58.00 62.00 NOTE
r-oldrel-macos-arm64 2.1.0 29.00 NOTE
r-oldrel-macos-x86_64 2.1.0 43.00 NOTE
r-oldrel-windows-x86_64 2.1.0 5.00 58.00 63.00 NOTE

Check Details

Version: 2.1.0
Check: LazyData
Result: NOTE 'LazyData' is specified without a 'data' directory Flavors: r-patched-linux-x86_64, r-release-linux-x86_64, r-release-macos-arm64, r-release-macos-x86_64, r-release-windows-x86_64, r-oldrel-macos-arm64, r-oldrel-macos-x86_64, r-oldrel-windows-x86_64