Last updated on 2025-02-21 05:50:53 CET.
Flavor | Version | Tinstall | Tcheck | Ttotal | Status | Flags |
---|---|---|---|---|---|---|
r-devel-linux-x86_64-debian-clang | 1.0.0 | 22.84 | 87.40 | 110.24 | NOTE | |
r-devel-linux-x86_64-debian-gcc | 1.0.0 | 15.38 | 59.24 | 74.62 | NOTE | |
r-devel-linux-x86_64-fedora-clang | 1.0.0 | 274.20 | NOTE | |||
r-devel-linux-x86_64-fedora-gcc | 1.0.0 | 285.10 | NOTE | |||
r-devel-macos-arm64 | 1.0.0 | 59.00 | NOTE | |||
r-devel-macos-x86_64 | 1.0.0 | 124.00 | NOTE | |||
r-devel-windows-x86_64 | 1.0.0 | 25.00 | 130.00 | 155.00 | NOTE | |
r-patched-linux-x86_64 | 1.0.0 | 21.08 | 82.71 | 103.79 | NOTE | |
r-release-linux-x86_64 | 1.0.0 | 21.60 | 83.52 | 105.12 | NOTE | |
r-release-macos-arm64 | 1.0.0 | 54.00 | NOTE | |||
r-release-macos-x86_64 | 1.0.0 | 87.00 | NOTE | |||
r-release-windows-x86_64 | 1.0.0 | 25.00 | 131.00 | 156.00 | NOTE | |
r-oldrel-macos-arm64 | 1.0.0 | 65.00 | NOTE | |||
r-oldrel-macos-x86_64 | 1.0.0 | 115.00 | NOTE | |||
r-oldrel-windows-x86_64 | 1.0.0 | 32.00 | 141.00 | 173.00 | NOTE |
Version: 1.0.0
Check: C++ specification
Result: NOTE
Specified C++11: please drop specification unless essential
Flavors: r-devel-linux-x86_64-debian-clang, r-devel-linux-x86_64-debian-gcc, r-devel-linux-x86_64-fedora-clang, r-devel-linux-x86_64-fedora-gcc, r-devel-macos-arm64, r-devel-macos-x86_64, r-devel-windows-x86_64, r-patched-linux-x86_64, r-release-linux-x86_64, r-release-macos-arm64, r-release-macos-x86_64, r-release-windows-x86_64, r-oldrel-macos-arm64, r-oldrel-macos-x86_64, r-oldrel-windows-x86_64