Last updated on 2025-02-21 05:50:53 CET.
Flavor | Version | Tinstall | Tcheck | Ttotal | Status | Flags |
---|---|---|---|---|---|---|
r-devel-linux-x86_64-debian-clang | 0.2-3 | 6.22 | 61.61 | 67.83 | NOTE | |
r-devel-linux-x86_64-debian-gcc | 0.2-3 | 4.55 | 45.11 | 49.66 | NOTE | |
r-devel-linux-x86_64-fedora-clang | 0.2-3 | 107.69 | NOTE | |||
r-devel-linux-x86_64-fedora-gcc | 0.2-3 | 105.81 | NOTE | |||
r-devel-macos-arm64 | 0.2-3 | 35.00 | NOTE | |||
r-devel-macos-x86_64 | 0.2-3 | 65.00 | NOTE | |||
r-devel-windows-x86_64 | 0.2-3 | 11.00 | 75.00 | 86.00 | NOTE | |
r-patched-linux-x86_64 | 0.2-3 | 5.79 | 57.51 | 63.30 | NOTE | |
r-release-linux-x86_64 | 0.2-3 | 5.17 | 57.63 | 62.80 | NOTE | |
r-release-macos-arm64 | 0.2-3 | 34.00 | NOTE | |||
r-release-macos-x86_64 | 0.2-3 | 56.00 | NOTE | |||
r-release-windows-x86_64 | 0.2-3 | 10.00 | 74.00 | 84.00 | NOTE | |
r-oldrel-macos-arm64 | 0.2-3 | 34.00 | NOTE | |||
r-oldrel-macos-x86_64 | 0.2-3 | 58.00 | NOTE | |||
r-oldrel-windows-x86_64 | 0.2-3 | 13.00 | 105.00 | 118.00 | NOTE |
Version: 0.2-3
Check: Rd files
Result: NOTE
checkRd: (-1) PatentsRD.Rd:4: Escaped LaTeX specials: \&
checkRd: (-1) PatentsRD.Rd:30: Escaped LaTeX specials: \&
checkRd: (-1) PatentsRDUS.Rd:4: Escaped LaTeX specials: \&
Flavors: r-devel-linux-x86_64-debian-clang, r-devel-linux-x86_64-debian-gcc, r-devel-linux-x86_64-fedora-clang, r-devel-linux-x86_64-fedora-gcc, r-devel-macos-arm64, r-devel-macos-x86_64, r-devel-windows-x86_64, r-patched-linux-x86_64, r-release-linux-x86_64, r-release-macos-arm64, r-release-macos-x86_64, r-release-windows-x86_64, r-oldrel-macos-arm64, r-oldrel-macos-x86_64, r-oldrel-windows-x86_64