CRAN Package Check Results for Package optiSolve

Last updated on 2025-02-21 05:50:52 CET.

Flavor Version Tinstall Tcheck Ttotal Status Flags
r-devel-linux-x86_64-debian-clang 1.0 8.85 77.03 85.88 OK
r-devel-linux-x86_64-debian-gcc 1.0 6.70 57.91 64.61 OK
r-devel-linux-x86_64-fedora-clang 1.0 128.50 NOTE
r-devel-linux-x86_64-fedora-gcc 1.0 130.25 NOTE
r-devel-macos-arm64 1.0 48.00 OK
r-devel-macos-x86_64 1.0 80.00 OK
r-devel-windows-x86_64 1.0 9.00 92.00 101.00 OK
r-patched-linux-x86_64 1.0 8.50 74.41 82.91 OK
r-release-linux-x86_64 1.0 8.15 73.80 81.95 OK
r-release-macos-arm64 1.0 43.00 OK
r-release-macos-x86_64 1.0 60.00 OK
r-release-windows-x86_64 1.0 12.00 93.00 105.00 OK
r-oldrel-macos-arm64 1.0 48.00 OK
r-oldrel-macos-x86_64 1.0 72.00 OK
r-oldrel-windows-x86_64 1.0 12.00 124.00 136.00 OK

Check Details

Version: 1.0
Check: dependencies in R code
Result: NOTE Namespace in Imports field not imported from: ‘Matrix’ All declared Imports should be used. Flavors: r-devel-linux-x86_64-fedora-clang, r-devel-linux-x86_64-fedora-gcc