Last updated on 2025-02-21 05:50:52 CET.
Flavor | Version | Tinstall | Tcheck | Ttotal | Status | Flags |
---|---|---|---|---|---|---|
r-devel-linux-x86_64-debian-clang | 1.0.2.1 | 2.02 | 26.84 | 28.86 | OK | |
r-devel-linux-x86_64-debian-gcc | 1.0.2.1 | 1.36 | 20.36 | 21.72 | OK | |
r-devel-linux-x86_64-fedora-clang | 1.0.2.1 | 45.44 | OK | |||
r-devel-linux-x86_64-fedora-gcc | 1.0.2.1 | 42.63 | OK | |||
r-devel-macos-arm64 | 1.0.2.1 | 20.00 | OK | |||
r-devel-macos-x86_64 | 1.0.2.1 | 32.00 | OK | |||
r-devel-windows-x86_64 | 1.0.2.1 | 5.00 | 48.00 | 53.00 | OK | |
r-patched-linux-x86_64 | 1.0.2.1 | 2.45 | 25.90 | 28.35 | NOTE | |
r-release-linux-x86_64 | 1.0.2.1 | 2.06 | 25.43 | 27.49 | NOTE | |
r-release-macos-arm64 | 1.0.2.1 | 20.00 | NOTE | |||
r-release-macos-x86_64 | 1.0.2.1 | 25.00 | NOTE | |||
r-release-windows-x86_64 | 1.0.2.1 | 5.00 | 48.00 | 53.00 | NOTE | |
r-oldrel-macos-arm64 | 1.0.2.1 | 20.00 | NOTE | |||
r-oldrel-macos-x86_64 | 1.0.2.1 | 27.00 | NOTE | |||
r-oldrel-windows-x86_64 | 1.0.2.1 | 5.00 | 73.00 | 78.00 | NOTE |
Version: 1.0.2.1
Check: LazyData
Result: NOTE
'LazyData' is specified without a 'data' directory
Flavors: r-patched-linux-x86_64, r-release-linux-x86_64, r-release-macos-arm64, r-release-macos-x86_64, r-release-windows-x86_64, r-oldrel-macos-arm64, r-oldrel-macos-x86_64, r-oldrel-windows-x86_64