Last updated on 2025-02-21 05:50:51 CET.
Flavor | Version | Tinstall | Tcheck | Ttotal | Status | Flags |
---|---|---|---|---|---|---|
r-devel-linux-x86_64-debian-clang | 0.5.0 | 14.12 | 99.31 | 113.43 | OK | |
r-devel-linux-x86_64-debian-gcc | 0.5.0 | 8.84 | 70.06 | 78.90 | OK | |
r-devel-linux-x86_64-fedora-clang | 0.5.0 | 172.56 | NOTE | |||
r-devel-linux-x86_64-fedora-gcc | 0.5.0 | 158.78 | NOTE | |||
r-devel-macos-arm64 | 0.5.0 | 50.00 | OK | |||
r-devel-macos-x86_64 | 0.5.0 | 96.00 | OK | |||
r-devel-windows-x86_64 | 0.5.0 | 14.00 | 100.00 | 114.00 | OK | |
r-patched-linux-x86_64 | 0.5.0 | 13.12 | 89.55 | 102.67 | OK | |
r-release-linux-x86_64 | 0.5.0 | 12.93 | 89.20 | 102.13 | OK | |
r-release-macos-arm64 | 0.5.0 | 48.00 | OK | |||
r-release-macos-x86_64 | 0.5.0 | 76.00 | OK | |||
r-release-windows-x86_64 | 0.5.0 | 15.00 | 99.00 | 114.00 | OK | |
r-oldrel-macos-arm64 | 0.5.0 | 52.00 | OK | |||
r-oldrel-macos-x86_64 | 0.5.0 | 86.00 | OK | |||
r-oldrel-windows-x86_64 | 0.5.0 | 19.00 | 112.00 | 131.00 | OK |
Version: 0.5.0
Check: dependencies in R code
Result: NOTE
Namespaces in Imports field not imported from:
‘RColorBrewer’ ‘graphics’
All declared Imports should be used.
Flavors: r-devel-linux-x86_64-fedora-clang, r-devel-linux-x86_64-fedora-gcc