Last updated on 2025-02-21 05:50:51 CET.
Flavor | Version | Tinstall | Tcheck | Ttotal | Status | Flags |
---|---|---|---|---|---|---|
r-devel-linux-x86_64-debian-clang | 1.4.0 | 117.66 | 87.83 | 205.49 | OK | |
r-devel-linux-x86_64-debian-gcc | 1.4.0 | 103.77 | 61.57 | 165.34 | OK | |
r-devel-linux-x86_64-fedora-clang | 1.4.0 | 372.61 | OK | |||
r-devel-linux-x86_64-fedora-gcc | 1.4.0 | 419.99 | OK | |||
r-devel-macos-arm64 | 1.4.0 | 84.00 | OK | |||
r-devel-macos-x86_64 | 1.4.0 | 134.00 | OK | |||
r-devel-windows-x86_64 | 1.4.0 | 136.00 | 135.00 | 271.00 | OK | |
r-patched-linux-x86_64 | 1.4.0 | 146.69 | 79.76 | 226.45 | OK | |
r-release-linux-x86_64 | 1.4.0 | 137.67 | 80.09 | 217.76 | OK | |
r-release-macos-arm64 | 1.4.0 | 121.00 | NOTE | |||
r-release-macos-x86_64 | 1.4.0 | 137.00 | NOTE | |||
r-release-windows-x86_64 | 1.4.0 | 138.00 | 131.00 | 269.00 | OK | |
r-oldrel-macos-arm64 | 1.4.0 | 120.00 | NOTE | |||
r-oldrel-macos-x86_64 | 1.4.0 | 140.00 | NOTE | |||
r-oldrel-windows-x86_64 | 1.4.0 | 170.00 | 157.00 | 327.00 | OK |
Version: 1.4.0
Check: installed package size
Result: NOTE
installed size is 14.7Mb
sub-directories of 1Mb or more:
libs 14.3Mb
Flavors: r-release-macos-arm64, r-release-macos-x86_64, r-oldrel-macos-arm64, r-oldrel-macos-x86_64