Last updated on 2025-02-22 05:51:45 CET.
Flavor | Version | Tinstall | Tcheck | Ttotal | Status | Flags |
---|---|---|---|---|---|---|
r-devel-linux-x86_64-debian-clang | 2013.03.29.1 | 2.28 | 45.62 | 47.90 | OK | |
r-devel-linux-x86_64-debian-gcc | 2013.03.29.1 | 1.83 | 36.78 | 38.61 | OK | |
r-devel-linux-x86_64-fedora-clang | 2013.03.29.1 | 62.03 | OK | |||
r-devel-linux-x86_64-fedora-gcc | 2013.03.29.1 | 60.43 | OK | |||
r-devel-macos-arm64 | 2013.03.29.1 | 26.00 | OK | |||
r-devel-macos-x86_64 | 2013.03.29.1 | 46.00 | OK | |||
r-devel-windows-x86_64 | 2013.03.29.1 | 4.00 | 60.00 | 64.00 | OK | |
r-patched-linux-x86_64 | 2013.03.29.1 | 2.11 | 44.73 | 46.84 | OK | |
r-release-linux-x86_64 | 2013.03.29.1 | 2.04 | 45.33 | 47.37 | OK | |
r-release-macos-arm64 | 2013.03.29.1 | 31.00 | NOTE | |||
r-release-macos-x86_64 | 2013.03.29.1 | 37.00 | NOTE | |||
r-release-windows-x86_64 | 2013.03.29.1 | 3.00 | 56.00 | 59.00 | NOTE | |
r-oldrel-macos-arm64 | 2013.03.29.1 | 26.00 | NOTE | |||
r-oldrel-macos-x86_64 | 2013.03.29.1 | 39.00 | NOTE | |||
r-oldrel-windows-x86_64 | 2013.03.29.1 | 5.00 | 59.00 | 64.00 | NOTE |
Version: 2013.03.29.1
Check: installed package size
Result: NOTE
installed size is 9.5Mb
sub-directories of 1Mb or more:
data 9.4Mb
Flavors: r-release-macos-arm64, r-release-macos-x86_64, r-release-windows-x86_64, r-oldrel-macos-arm64, r-oldrel-macos-x86_64, r-oldrel-windows-x86_64