CRAN Package Check Results for Package muRty

Last updated on 2025-02-21 05:50:51 CET.

Flavor Version Tinstall Tcheck Ttotal Status Flags
r-devel-linux-x86_64-debian-clang 0.3.1 2.43 23.79 26.22 OK
r-devel-linux-x86_64-debian-gcc 0.3.1 1.80 18.07 19.87 OK
r-devel-linux-x86_64-fedora-clang 0.3.1 43.10 OK
r-devel-linux-x86_64-fedora-gcc 0.3.1 39.58 OK
r-devel-macos-arm64 0.3.1 19.00 OK
r-devel-macos-x86_64 0.3.1 33.00 OK
r-devel-windows-x86_64 0.3.1 3.00 52.00 55.00 OK
r-patched-linux-x86_64 0.3.1 2.42 22.48 24.90 NOTE
r-release-linux-x86_64 0.3.1 2.19 22.35 24.54 NOTE
r-release-macos-arm64 0.3.1 18.00 NOTE
r-release-macos-x86_64 0.3.1 24.00 NOTE
r-release-windows-x86_64 0.3.1 3.00 51.00 54.00 NOTE
r-oldrel-macos-arm64 0.3.1 22.00 NOTE
r-oldrel-macos-x86_64 0.3.1 24.00 NOTE
r-oldrel-windows-x86_64 0.3.1 4.00 74.00 78.00 NOTE

Check Details

Version: 0.3.1
Check: LazyData
Result: NOTE 'LazyData' is specified without a 'data' directory Flavors: r-patched-linux-x86_64, r-release-linux-x86_64, r-release-macos-arm64, r-release-macos-x86_64, r-release-windows-x86_64, r-oldrel-macos-arm64, r-oldrel-macos-x86_64, r-oldrel-windows-x86_64