Last updated on 2025-02-21 05:50:50 CET.
Flavor | Version | Tinstall | Tcheck | Ttotal | Status | Flags |
---|---|---|---|---|---|---|
r-devel-linux-x86_64-debian-clang | 0.10.0 | 9.16 | 56.79 | 65.95 | NOTE | |
r-devel-linux-x86_64-debian-gcc | 0.10.0 | 6.64 | 39.80 | 46.44 | NOTE | |
r-devel-linux-x86_64-fedora-clang | 0.10.0 | 106.89 | OK | |||
r-devel-linux-x86_64-fedora-gcc | 0.10.0 | 95.25 | OK | |||
r-devel-macos-arm64 | 0.10.0 | 34.00 | OK | |||
r-devel-macos-x86_64 | 0.10.0 | 59.00 | OK | |||
r-devel-windows-x86_64 | 0.10.0 | 13.00 | 78.00 | 91.00 | NOTE | |
r-patched-linux-x86_64 | 0.10.0 | 10.79 | 51.44 | 62.23 | OK | |
r-release-linux-x86_64 | 0.10.0 | 8.40 | 53.26 | 61.66 | OK | |
r-release-macos-arm64 | 0.10.0 | 31.00 | OK | |||
r-release-macos-x86_64 | 0.10.0 | 54.00 | OK | |||
r-release-windows-x86_64 | 0.10.0 | 14.00 | 75.00 | 89.00 | OK | |
r-oldrel-macos-arm64 | 0.10.0 | 37.00 | OK | |||
r-oldrel-macos-x86_64 | 0.10.0 | 59.00 | OK | |||
r-oldrel-windows-x86_64 | 0.10.0 | 15.00 | 100.00 | 115.00 | OK |
Version: 0.10.0
Check: Rd cross-references
Result: NOTE
Found the following Rd file(s) with Rd \link{} targets missing package
anchors:
read_arff.Rd: data.table, fread
Please provide package anchors for all Rd \link{} targets not in the
package itself and the base packages.
Flavors: r-devel-linux-x86_64-debian-clang, r-devel-linux-x86_64-debian-gcc, r-devel-windows-x86_64