Last updated on 2025-02-20 04:51:20 CET.
Flavor | Version | Tinstall | Tcheck | Ttotal | Status | Flags |
---|---|---|---|---|---|---|
r-devel-linux-x86_64-debian-clang | 1.1.2 | 106.82 | 74.74 | 181.56 | OK | |
r-devel-linux-x86_64-debian-gcc | 1.1.2 | 77.09 | 51.27 | 128.36 | OK | |
r-devel-linux-x86_64-fedora-clang | 1.1.2 | 356.31 | OK | |||
r-devel-linux-x86_64-fedora-gcc | 1.1.2 | 334.70 | OK | |||
r-devel-macos-arm64 | 1.1.2 | 79.00 | OK | |||
r-devel-macos-x86_64 | 1.1.2 | 128.00 | OK | |||
r-devel-windows-x86_64 | 1.1.2 | 116.00 | 130.00 | 246.00 | OK | |
r-patched-linux-x86_64 | 1.1.2 | 100.70 | 67.34 | 168.04 | OK | |
r-release-linux-x86_64 | 1.1.2 | 104.25 | 67.99 | 172.24 | OK | |
r-release-macos-arm64 | 1.1.2 | 81.00 | NOTE | |||
r-release-macos-x86_64 | 1.1.2 | 150.00 | NOTE | |||
r-release-windows-x86_64 | 1.1.2 | 116.00 | 137.00 | 253.00 | OK | |
r-oldrel-macos-arm64 | 1.1.2 | 97.00 | NOTE | |||
r-oldrel-macos-x86_64 | 1.1.2 | 116.00 | OK | |||
r-oldrel-windows-x86_64 | 1.1.2 | 139.00 | 157.00 | 296.00 | OK |
Version: 1.1.2
Check: installed package size
Result: NOTE
installed size is 5.3Mb
sub-directories of 1Mb or more:
libs 4.8Mb
Flavors: r-release-macos-arm64, r-release-macos-x86_64, r-oldrel-macos-arm64