CRAN Package Check Results for Package mipfp

Last updated on 2025-02-21 05:50:50 CET.

Flavor Version Tinstall Tcheck Ttotal Status Flags
r-devel-linux-x86_64-debian-clang 3.2.1 3.27 30.89 34.16 NOTE
r-devel-linux-x86_64-debian-gcc 3.2.1 2.05 22.89 24.94 NOTE
r-devel-linux-x86_64-fedora-clang 3.2.1 55.28 NOTE
r-devel-linux-x86_64-fedora-gcc 3.2.1 55.28 NOTE
r-devel-macos-arm64 3.2.1 22.00 NOTE
r-devel-macos-x86_64 3.2.1 40.00 NOTE
r-devel-windows-x86_64 3.2.1 5.00 64.00 69.00 NOTE
r-patched-linux-x86_64 3.2.1 4.13 29.81 33.94 NOTE
r-release-linux-x86_64 3.2.1 3.02 30.69 33.71 NOTE
r-release-macos-arm64 3.2.1 22.00 NOTE
r-release-macos-x86_64 3.2.1 34.00 NOTE
r-release-windows-x86_64 3.2.1 4.00 57.00 61.00 NOTE
r-oldrel-macos-arm64 3.2.1 21.00 OK
r-oldrel-macos-x86_64 3.2.1 31.00 OK
r-oldrel-windows-x86_64 3.2.1 6.00 57.00 63.00 OK

Check Details

Version: 3.2.1
Check: Rd files
Result: NOTE checkRd: (-1) gof.estimates.Rd:59-62: Lost braces in \itemize; meant \describe ? checkRd: (-1) gof.estimates.Rd:63-66: Lost braces in \itemize; meant \describe ? checkRd: (-1) gof.estimates.Rd:67-70: Lost braces in \itemize; meant \describe ? checkRd: (-1) vcov.mipfp.Rd:63-66: Lost braces in \itemize; meant \describe ? checkRd: (-1) vcov.mipfp.Rd:67-70: Lost braces in \itemize; meant \describe ? checkRd: (-1) vcov.mipfp.Rd:71-74: Lost braces in \itemize; meant \describe ? checkRd: (-1) vcov.mipfp.Rd:75-78: Lost braces in \itemize; meant \describe ? checkRd: (-1) vcov.mipfp.Rd:89-91: Lost braces in \itemize; meant \describe ? checkRd: (-1) vcov.mipfp.Rd:92-95: Lost braces in \itemize; meant \describe ? Flavors: r-devel-linux-x86_64-debian-clang, r-devel-linux-x86_64-debian-gcc, r-devel-linux-x86_64-fedora-clang, r-devel-linux-x86_64-fedora-gcc, r-devel-macos-arm64, r-devel-macos-x86_64, r-devel-windows-x86_64, r-patched-linux-x86_64, r-release-linux-x86_64, r-release-macos-arm64, r-release-macos-x86_64, r-release-windows-x86_64