Last updated on 2025-02-21 05:50:47 CET.
Flavor | Version | Tinstall | Tcheck | Ttotal | Status | Flags |
---|---|---|---|---|---|---|
r-devel-linux-x86_64-debian-clang | 1.0.0 | 61.49 | 85.72 | 147.21 | OK | |
r-devel-linux-x86_64-debian-gcc | 1.0.0 | 52.40 | 63.55 | 115.95 | OK | |
r-devel-linux-x86_64-fedora-clang | 1.0.0 | 253.16 | OK | |||
r-devel-linux-x86_64-fedora-gcc | 1.0.0 | 272.50 | OK | |||
r-devel-macos-arm64 | 1.0.0 | 63.00 | OK | |||
r-devel-macos-x86_64 | 1.0.0 | 129.00 | OK | |||
r-devel-windows-x86_64 | 1.0.0 | 69.00 | 125.00 | 194.00 | OK | |
r-patched-linux-x86_64 | 1.0.0 | 69.63 | 80.30 | 149.93 | OK | |
r-release-linux-x86_64 | 1.0.0 | 73.68 | 80.48 | 154.16 | OK | |
r-release-macos-arm64 | 1.0.0 | 68.00 | NOTE | |||
r-release-macos-x86_64 | 1.0.0 | 92.00 | NOTE | |||
r-release-windows-x86_64 | 1.0.0 | 72.00 | 120.00 | 192.00 | OK | |
r-oldrel-macos-arm64 | 1.0.0 | 80.00 | NOTE | |||
r-oldrel-macos-x86_64 | 1.0.0 | 141.00 | NOTE | |||
r-oldrel-windows-x86_64 | 1.0.0 | 68.00 | 177.00 | 245.00 | OK |
Version: 1.0.0
Check: installed package size
Result: NOTE
installed size is 5.8Mb
sub-directories of 1Mb or more:
libs 5.1Mb
Flavors: r-release-macos-arm64, r-release-macos-x86_64, r-oldrel-macos-arm64, r-oldrel-macos-x86_64