Last updated on 2025-02-21 05:50:46 CET.
Flavor | Version | Tinstall | Tcheck | Ttotal | Status | Flags |
---|---|---|---|---|---|---|
r-devel-linux-x86_64-debian-clang | 1.0.1 | 1.62 | 34.82 | 36.44 | OK | |
r-devel-linux-x86_64-debian-gcc | 1.0.1 | 1.49 | 26.30 | 27.79 | OK | |
r-devel-linux-x86_64-fedora-clang | 1.0.1 | 55.86 | OK | |||
r-devel-linux-x86_64-fedora-gcc | 1.0.1 | 68.86 | OK | |||
r-devel-macos-arm64 | 1.0.1 | 25.00 | ERROR | |||
r-devel-macos-x86_64 | 1.0.1 | 53.00 | ERROR | |||
r-devel-windows-x86_64 | 1.0.1 | 3.00 | 53.00 | 56.00 | OK | |
r-patched-linux-x86_64 | 1.0.1 | 1.68 | 32.99 | 34.67 | OK | |
r-release-linux-x86_64 | 1.0.1 | 1.64 | 32.85 | 34.49 | OK | |
r-release-macos-arm64 | 1.0.1 | 32.00 | ERROR | |||
r-release-macos-x86_64 | 1.0.1 | 39.00 | OK | |||
r-release-windows-x86_64 | 1.0.1 | 3.00 | 59.00 | 62.00 | OK | |
r-oldrel-macos-arm64 | 1.0.1 | 28.00 | ERROR | |||
r-oldrel-macos-x86_64 | 1.0.1 | 43.00 | ERROR | |||
r-oldrel-windows-x86_64 | 1.0.1 | 3.00 | 92.00 | 95.00 | OK |
Version: 1.0.1
Check: re-building of vignette outputs
Result: ERROR
Error(s) in re-building vignettes:
--- re-building ‘introduction.Rmd’ using rmarkdown
Quitting from lines 22-30 [unnamed-chunk-2] (introduction.Rmd)
Error: processing vignette 'introduction.Rmd' failed with diagnostics:
there is no package called 'org.Mm.eg.db'
--- failed re-building ‘introduction.Rmd’
SUMMARY: processing the following file failed:
‘introduction.Rmd’
Error: Vignette re-building failed.
Execution halted
Flavors: r-devel-macos-arm64, r-devel-macos-x86_64, r-release-macos-arm64
Version: 1.0.1
Check: package dependencies
Result: NOTE
Package suggested but not available for checking: ‘org.Mm.eg.db’
Flavors: r-release-macos-arm64, r-oldrel-macos-arm64, r-oldrel-macos-x86_64
Version: 1.0.1
Check: re-building of vignette outputs
Result: ERROR
Error(s) in re-building vignettes:
...
--- re-building ‘introduction.Rmd’ using rmarkdown
Quitting from lines 22-30 (introduction.Rmd)
Error: processing vignette 'introduction.Rmd' failed with diagnostics:
there is no package called 'org.Mm.eg.db'
--- failed re-building ‘introduction.Rmd’
SUMMARY: processing the following file failed:
‘introduction.Rmd’
Error: Vignette re-building failed.
Execution halted
Flavor: r-oldrel-macos-arm64
Version: 1.0.1
Check: re-building of vignette outputs
Result: ERROR
Error(s) in re-building vignettes:
...
--- re-building ‘introduction.Rmd’ using rmarkdown
Pandoc is required to build R Markdown vignettes but not available. Please make sure it is installed.
Quitting from lines 22-30 (introduction.Rmd)
Error: processing vignette 'introduction.Rmd' failed with diagnostics:
there is no package called 'org.Mm.eg.db'
--- failed re-building ‘introduction.Rmd’
SUMMARY: processing the following file failed:
‘introduction.Rmd’
Error: Vignette re-building failed.
Execution halted
Flavor: r-oldrel-macos-x86_64