Last updated on 2025-02-21 05:50:46 CET.
Flavor | Version | Tinstall | Tcheck | Ttotal | Status | Flags |
---|---|---|---|---|---|---|
r-devel-linux-x86_64-debian-clang | 3.11.1-2 | 655.57 | 20.32 | 675.89 | OK | |
r-devel-linux-x86_64-debian-gcc | 3.11.1-2 | 441.69 | 16.73 | 458.42 | OK | |
r-devel-linux-x86_64-fedora-clang | 3.11.1-2 | 1726.45 | OK | |||
r-devel-linux-x86_64-fedora-gcc | 3.11.1-2 | 1238.69 | OK | |||
r-devel-macos-arm64 | 3.11.1-2 | 229.00 | OK | |||
r-devel-macos-x86_64 | 3.11.1-2 | 227.00 | OK | |||
r-devel-windows-x86_64 | 3.11.1-2 | 653.00 | 83.00 | 736.00 | OK | |
r-patched-linux-x86_64 | 3.11.1-2 | 610.93 | 19.61 | 630.54 | OK | |
r-release-linux-x86_64 | 3.11.1-2 | 617.64 | 19.21 | 636.85 | OK | |
r-release-macos-arm64 | 3.11.1-2 | 219.00 | NOTE | |||
r-release-macos-x86_64 | 3.11.1-2 | 172.00 | NOTE | |||
r-release-windows-x86_64 | 3.11.1-2 | 659.00 | 100.00 | 759.00 | OK | |
r-oldrel-macos-arm64 | 3.11.1-2 | 254.00 | NOTE | |||
r-oldrel-macos-x86_64 | 3.11.1-2 | 175.00 | NOTE | |||
r-oldrel-windows-x86_64 | 3.11.1-2 | 665.00 | 112.00 | 777.00 | OK |
Version: 3.11.1-2
Check: installed package size
Result: NOTE
installed size is 43.5Mb
sub-directories of 1Mb or more:
libs 43.3Mb
Flavors: r-release-macos-arm64, r-release-macos-x86_64, r-oldrel-macos-arm64, r-oldrel-macos-x86_64