CRAN Package Check Results for Package kmer

Last updated on 2025-02-21 05:50:46 CET.

Flavor Version Tinstall Tcheck Ttotal Status Flags
r-devel-linux-x86_64-debian-clang 1.1.2 15.65 43.64 59.29 NOTE
r-devel-linux-x86_64-debian-gcc 1.1.2 9.24 33.55 42.79 NOTE
r-devel-linux-x86_64-fedora-clang 1.1.2 98.44 NOTE
r-devel-linux-x86_64-fedora-gcc 1.1.2 104.93 NOTE
r-devel-macos-arm64 1.1.2 45.00 NOTE
r-devel-macos-x86_64 1.1.2 68.00 NOTE
r-devel-windows-x86_64 1.1.2 16.00 80.00 96.00 NOTE
r-patched-linux-x86_64 1.1.2 12.21 42.57 54.78 NOTE
r-release-linux-x86_64 1.1.2 12.79 42.69 55.48 NOTE
r-release-macos-arm64 1.1.2 33.00 NOTE
r-release-macos-x86_64 1.1.2 51.00 NOTE
r-release-windows-x86_64 1.1.2 16.00 78.00 94.00 NOTE
r-oldrel-macos-arm64 1.1.2 35.00 NOTE
r-oldrel-macos-x86_64 1.1.2 63.00 NOTE
r-oldrel-windows-x86_64 1.1.2 19.00 85.00 104.00 NOTE

Check Details

Version: 1.1.2
Check: C++ specification
Result: NOTE Specified C++11: please drop specification unless essential Flavors: r-devel-linux-x86_64-debian-clang, r-devel-linux-x86_64-debian-gcc, r-devel-linux-x86_64-fedora-clang, r-devel-linux-x86_64-fedora-gcc, r-devel-macos-arm64, r-devel-macos-x86_64, r-devel-windows-x86_64, r-patched-linux-x86_64, r-release-linux-x86_64, r-release-macos-arm64, r-release-macos-x86_64, r-release-windows-x86_64, r-oldrel-macos-arm64, r-oldrel-macos-x86_64, r-oldrel-windows-x86_64

Version: 1.1.2
Check: LazyData
Result: NOTE 'LazyData' is specified without a 'data' directory Flavors: r-patched-linux-x86_64, r-release-linux-x86_64, r-release-macos-arm64, r-release-macos-x86_64, r-release-windows-x86_64, r-oldrel-macos-arm64, r-oldrel-macos-x86_64, r-oldrel-windows-x86_64