Last updated on 2025-02-20 04:51:16 CET.
Flavor | Version | Tinstall | Tcheck | Ttotal | Status | Flags |
---|---|---|---|---|---|---|
r-devel-linux-x86_64-debian-clang | 0.4-2 | 18.23 | 65.31 | 83.54 | NOTE | |
r-devel-linux-x86_64-debian-gcc | 0.4-2 | 12.80 | 48.54 | 61.34 | NOTE | |
r-devel-linux-x86_64-fedora-clang | 0.4-2 | 135.84 | NOTE | |||
r-devel-linux-x86_64-fedora-gcc | 0.4-2 | 128.06 | NOTE | |||
r-devel-macos-arm64 | 0.4-2 | 37.00 | NOTE | |||
r-devel-macos-x86_64 | 0.4-2 | 80.00 | NOTE | |||
r-devel-windows-x86_64 | 0.4-2 | 23.00 | 94.00 | 117.00 | NOTE | |
r-patched-linux-x86_64 | 0.4-2 | 17.75 | 61.67 | 79.42 | NOTE | |
r-release-linux-x86_64 | 0.4-2 | 17.40 | 62.10 | 79.50 | NOTE | |
r-release-macos-arm64 | 0.4-2 | 35.00 | NOTE | |||
r-release-macos-x86_64 | 0.4-2 | 63.00 | NOTE | |||
r-release-windows-x86_64 | 0.4-2 | 23.00 | 95.00 | 118.00 | NOTE | |
r-oldrel-macos-arm64 | 0.4-2 | 35.00 | OK | |||
r-oldrel-macos-x86_64 | 0.4-2 | 71.00 | OK | |||
r-oldrel-windows-x86_64 | 0.4-2 | 28.00 | 137.00 | 165.00 | OK |
Version: 0.4-2
Check: Rd files
Result: NOTE
checkRd: (-1) plotkmc.Rd:21: Lost braces; missing escapes or markup?
21 | list of two functions,flist=list( f1=function( x ) { x } ,f2=function( x ) { x^2 } )
| ^
checkRd: (-1) plotkmc.Rd:21: Lost braces; missing escapes or markup?
21 | list of two functions,flist=list( f1=function( x ) { x } ,f2=function( x ) { x^2 } )
| ^
Flavors: r-devel-linux-x86_64-debian-clang, r-devel-linux-x86_64-debian-gcc, r-devel-linux-x86_64-fedora-clang, r-devel-linux-x86_64-fedora-gcc, r-devel-macos-arm64, r-devel-macos-x86_64, r-devel-windows-x86_64, r-patched-linux-x86_64, r-release-linux-x86_64, r-release-macos-arm64, r-release-macos-x86_64, r-release-windows-x86_64