Last updated on 2025-02-19 05:50:33 CET.
Flavor | Version | Tinstall | Tcheck | Ttotal | Status | Flags |
---|---|---|---|---|---|---|
r-devel-linux-x86_64-debian-clang | 3.3.3 | 11.68 | 298.25 | 309.93 | NOTE | |
r-devel-linux-x86_64-debian-gcc | 3.3.3 | 7.65 | 199.68 | 207.33 | NOTE | |
r-devel-linux-x86_64-fedora-clang | 3.3.3 | 509.00 | OK | |||
r-devel-linux-x86_64-fedora-gcc | 3.3.3 | 465.95 | OK | |||
r-devel-macos-arm64 | 3.3.3 | 141.00 | OK | |||
r-devel-macos-x86_64 | 3.3.3 | 289.00 | OK | |||
r-devel-windows-x86_64 | 3.3.3 | 13.00 | 279.00 | 292.00 | NOTE | |
r-patched-linux-x86_64 | 3.3.3 | 19.37 | 282.45 | 301.82 | OK | |
r-release-linux-x86_64 | 3.3.3 | 10.56 | 272.19 | 282.75 | OK | |
r-release-macos-arm64 | 3.3.3 | 146.00 | NOTE | |||
r-release-macos-x86_64 | 3.3.3 | 363.00 | NOTE | |||
r-release-windows-x86_64 | 3.3.3 | 15.00 | 279.00 | 294.00 | NOTE | |
r-oldrel-macos-arm64 | 3.3.3 | 175.00 | NOTE | |||
r-oldrel-macos-x86_64 | 3.3.3 | 337.00 | NOTE | |||
r-oldrel-windows-x86_64 | 3.3.3 | 19.00 | 342.00 | 361.00 | NOTE |
Version: 3.3.3
Check: Rd cross-references
Result: NOTE
Found the following Rd file(s) with Rd \link{} targets missing package
anchors:
inTextSummaryTable-stats.Rd: roundHalfUpTextFormat
Please provide package anchors for all Rd \link{} targets not in the
package itself and the base packages.
Flavors: r-devel-linux-x86_64-debian-clang, r-devel-linux-x86_64-debian-gcc, r-devel-windows-x86_64
Version: 3.3.3
Check: installed package size
Result: NOTE
installed size is 10.2Mb
sub-directories of 1Mb or more:
doc 9.7Mb
Flavors: r-release-macos-arm64, r-release-macos-x86_64, r-release-windows-x86_64, r-oldrel-macos-arm64, r-oldrel-macos-x86_64, r-oldrel-windows-x86_64