CRAN Package Check Results for Package impimp

Last updated on 2025-02-16 05:51:16 CET.

Flavor Version Tinstall Tcheck Ttotal Status Flags
r-devel-linux-x86_64-debian-clang 0.3.1 2.00 18.87 20.87 OK
r-devel-linux-x86_64-debian-gcc 0.3.1 1.69 15.58 17.27 OK
r-devel-linux-x86_64-fedora-clang 0.3.1 34.62 OK
r-devel-linux-x86_64-fedora-gcc 0.3.1 32.56 OK
r-devel-macos-arm64 0.3.1 15.00 OK
r-devel-macos-x86_64 0.3.1 27.00 OK
r-devel-windows-x86_64 0.3.1 4.00 46.00 50.00 OK
r-patched-linux-x86_64 0.3.1 2.32 18.24 20.56 NOTE
r-release-linux-x86_64 0.3.1 1.36 18.42 19.78 NOTE
r-release-macos-arm64 0.3.1 14.00 NOTE
r-release-macos-x86_64 0.3.1 23.00 NOTE
r-release-windows-x86_64 0.3.1 3.00 41.00 44.00 NOTE
r-oldrel-macos-arm64 0.3.1 15.00 NOTE
r-oldrel-macos-x86_64 0.3.1 22.00 NOTE
r-oldrel-windows-x86_64 0.3.1 6.00 40.00 46.00 NOTE

Check Details

Version: 0.3.1
Check: LazyData
Result: NOTE 'LazyData' is specified without a 'data' directory Flavors: r-patched-linux-x86_64, r-release-linux-x86_64, r-release-macos-arm64, r-release-macos-x86_64, r-release-windows-x86_64, r-oldrel-macos-arm64, r-oldrel-macos-x86_64, r-oldrel-windows-x86_64