Last updated on 2025-02-20 04:51:15 CET.
Flavor | Version | Tinstall | Tcheck | Ttotal | Status | Flags |
---|---|---|---|---|---|---|
r-devel-linux-x86_64-debian-clang | 0.8.7 | 44.23 | 167.43 | 211.66 | OK | |
r-devel-linux-x86_64-debian-gcc | 0.8.7 | 33.96 | 118.11 | 152.07 | OK | |
r-devel-linux-x86_64-fedora-clang | 0.8.7 | 325.36 | OK | |||
r-devel-linux-x86_64-fedora-gcc | 0.8.7 | 311.31 | OK | |||
r-devel-macos-arm64 | 0.8.7 | 93.00 | OK | |||
r-devel-macos-x86_64 | 0.8.7 | 212.00 | OK | |||
r-devel-windows-x86_64 | 0.8.7 | 45.00 | 147.00 | 192.00 | OK | |
r-patched-linux-x86_64 | 0.8.7 | 43.95 | 150.89 | 194.84 | NOTE | |
r-release-linux-x86_64 | 0.8.7 | 46.34 | 147.38 | 193.72 | NOTE | |
r-release-macos-arm64 | 0.8.7 | 93.00 | NOTE | |||
r-release-macos-x86_64 | 0.8.7 | 147.00 | NOTE | |||
r-release-windows-x86_64 | 0.8.7 | 45.00 | 145.00 | 190.00 | NOTE | |
r-oldrel-macos-arm64 | 0.8.7 | 105.00 | NOTE | |||
r-oldrel-macos-x86_64 | 0.8.7 | 163.00 | NOTE | |||
r-oldrel-windows-x86_64 | 0.8.7 | 60.00 | 214.00 | 274.00 | NOTE |
Version: 0.8.7
Check: LazyData
Result: NOTE
'LazyData' is specified without a 'data' directory
Flavors: r-patched-linux-x86_64, r-release-linux-x86_64, r-release-macos-arm64, r-release-macos-x86_64, r-release-windows-x86_64, r-oldrel-macos-arm64, r-oldrel-macos-x86_64, r-oldrel-windows-x86_64
Version: 0.8.7
Check: installed package size
Result: NOTE
installed size is 5.2Mb
sub-directories of 1Mb or more:
R 5.1Mb
Flavors: r-release-macos-arm64, r-release-macos-x86_64, r-oldrel-macos-arm64, r-oldrel-macos-x86_64