CRAN Package Check Results for Package ie2misc

Last updated on 2025-02-21 05:50:45 CET.

Flavor Version Tinstall Tcheck Ttotal Status Flags
r-devel-linux-x86_64-debian-clang 0.9.1 12.91 64.30 77.21 NOTE
r-devel-linux-x86_64-debian-gcc 0.9.1 9.50 46.81 56.31 NOTE
r-devel-linux-x86_64-fedora-clang 0.9.1 125.92 OK
r-devel-linux-x86_64-fedora-gcc 0.9.1 120.31 OK
r-devel-macos-arm64 0.9.1 50.00 OK
r-devel-macos-x86_64 0.9.1 73.00 OK
r-devel-windows-x86_64 0.9.1 13.00 74.00 87.00 NOTE
r-patched-linux-x86_64 0.9.1 18.34 59.57 77.91 OK
r-release-linux-x86_64 0.9.1 11.74 60.11 71.85 OK
r-release-macos-arm64 0.9.1 48.00 OK
r-release-macos-x86_64 0.9.1 59.00 OK
r-release-windows-x86_64 0.9.1 13.00 71.00 84.00 OK
r-oldrel-macos-arm64 0.9.1 37.00 OK
r-oldrel-macos-x86_64 0.9.1 116.00 OK
r-oldrel-windows-x86_64 0.9.1 14.00 81.00 95.00 OK

Check Details

Version: 0.9.1
Check: Rd cross-references
Result: NOTE Found the following Rd file(s) with Rd \link{} targets missing package anchors: madstat.Rd: data.table Please provide package anchors for all Rd \link{} targets not in the package itself and the base packages. Flavors: r-devel-linux-x86_64-debian-clang, r-devel-linux-x86_64-debian-gcc, r-devel-windows-x86_64