Last updated on 2025-02-21 05:50:45 CET.
Flavor | Version | Tinstall | Tcheck | Ttotal | Status | Flags |
---|---|---|---|---|---|---|
r-devel-linux-x86_64-debian-clang | 0.3.1 | 4.26 | 35.83 | 40.09 | NOTE | |
r-devel-linux-x86_64-debian-gcc | 0.3.1 | 3.20 | 26.71 | 29.91 | NOTE | |
r-devel-linux-x86_64-fedora-clang | 0.3.1 | 62.53 | NOTE | |||
r-devel-linux-x86_64-fedora-gcc | 0.3.1 | 72.88 | NOTE | |||
r-devel-macos-arm64 | 0.3.1 | 30.00 | OK | |||
r-devel-macos-x86_64 | 0.3.1 | 52.00 | NOTE | |||
r-devel-windows-x86_64 | 0.3.1 | 6.00 | 53.00 | 59.00 | NOTE | |
r-patched-linux-x86_64 | 0.3.1 | 3.82 | 33.09 | 36.91 | OK | |
r-release-linux-x86_64 | 0.3.1 | 4.01 | 32.93 | 36.94 | OK | |
r-release-macos-arm64 | 0.3.1 | 29.00 | OK | |||
r-release-macos-x86_64 | 0.3.1 | 46.00 | OK | |||
r-release-windows-x86_64 | 0.3.1 | 6.00 | 53.00 | 59.00 | OK | |
r-oldrel-macos-arm64 | 0.3.1 | 31.00 | OK | |||
r-oldrel-macos-x86_64 | 0.3.1 | 54.00 | OK | |||
r-oldrel-windows-x86_64 | 0.3.1 | 7.00 | 55.00 | 62.00 | OK |
Version: 0.3.1
Check: DESCRIPTION meta-information
Result: NOTE
Missing dependency on R >= 4.1.0 because package code uses the pipe
|> or function shorthand \(...) syntax added in R 4.1.0.
File(s) using such syntax:
‘idmc_transform_daily.R’
Flavors: r-devel-linux-x86_64-debian-clang, r-devel-linux-x86_64-debian-gcc, r-devel-linux-x86_64-fedora-clang, r-devel-linux-x86_64-fedora-gcc, r-devel-macos-x86_64, r-devel-windows-x86_64