Last updated on 2025-02-21 05:50:45 CET.
Flavor | Version | Tinstall | Tcheck | Ttotal | Status | Flags |
---|---|---|---|---|---|---|
r-devel-linux-x86_64-debian-clang | 0.8.5 | 8.73 | 64.85 | 73.58 | NOTE | |
r-devel-linux-x86_64-debian-gcc | 0.8.5 | 5.90 | 48.52 | 54.42 | NOTE | |
r-devel-linux-x86_64-fedora-clang | 0.8.5 | 117.89 | NOTE | |||
r-devel-linux-x86_64-fedora-gcc | 0.8.5 | 112.06 | NOTE | |||
r-devel-macos-arm64 | 0.8.5 | 38.00 | OK | |||
r-devel-macos-x86_64 | 0.8.5 | 60.00 | NOTE | |||
r-devel-windows-x86_64 | 0.8.5 | 11.00 | 89.00 | 100.00 | NOTE | |
r-patched-linux-x86_64 | 0.8.5 | 8.56 | 61.31 | 69.87 | OK | |
r-release-linux-x86_64 | 0.8.5 | 8.54 | 62.25 | 70.79 | OK | |
r-release-macos-arm64 | 0.8.5 | 41.00 | OK | |||
r-release-macos-x86_64 | 0.8.5 | 70.00 | OK | |||
r-release-windows-x86_64 | 0.8.5 | 12.00 | 87.00 | 99.00 | OK | |
r-oldrel-macos-arm64 | 0.8.5 | 39.00 | OK | |||
r-oldrel-macos-x86_64 | 0.8.5 | 66.00 | OK | |||
r-oldrel-windows-x86_64 | 0.8.5 | 14.00 | 100.00 | 114.00 | OK |
Version: 0.8.5
Check: DESCRIPTION meta-information
Result: NOTE
Missing dependency on R >= 4.1.0 because package code uses the pipe
|> or function shorthand \(...) syntax added in R 4.1.0.
File(s) using such syntax:
‘daily_temp.R’ ‘extra_viz.R’ ‘instrumental_temp.R’
Flavors: r-devel-linux-x86_64-debian-clang, r-devel-linux-x86_64-debian-gcc, r-devel-linux-x86_64-fedora-clang, r-devel-linux-x86_64-fedora-gcc, r-devel-macos-x86_64, r-devel-windows-x86_64