Last updated on 2025-02-21 05:50:44 CET.
Flavor | Version | Tinstall | Tcheck | Ttotal | Status | Flags |
---|---|---|---|---|---|---|
r-devel-linux-x86_64-debian-clang | 0.0.2 | 13.64 | 174.82 | 188.46 | OK | |
r-devel-linux-x86_64-debian-gcc | 0.0.2 | 8.06 | 109.43 | 117.49 | OK | |
r-devel-linux-x86_64-fedora-clang | 0.0.2 | 296.03 | OK | |||
r-devel-linux-x86_64-fedora-gcc | 0.0.2 | 297.20 | OK | |||
r-devel-macos-arm64 | 0.0.2 | 77.00 | OK | |||
r-devel-macos-x86_64 | 0.0.2 | 158.00 | OK | |||
r-devel-windows-x86_64 | 0.0.2 | 14.00 | 160.00 | 174.00 | OK | |
r-patched-linux-x86_64 | 0.0.2 | 12.42 | 163.18 | 175.60 | NOTE | |
r-release-linux-x86_64 | 0.0.2 | 12.21 | 166.58 | 178.79 | NOTE | |
r-release-macos-arm64 | 0.0.2 | 70.00 | NOTE | |||
r-release-macos-x86_64 | 0.0.2 | 114.00 | NOTE | |||
r-release-windows-x86_64 | 0.0.2 | 15.00 | 160.00 | 175.00 | NOTE | |
r-oldrel-macos-arm64 | 0.0.2 | 72.00 | NOTE | |||
r-oldrel-macos-x86_64 | 0.0.2 | 126.00 | NOTE | |||
r-oldrel-windows-x86_64 | 0.0.2 | 18.00 | 227.00 | 245.00 | NOTE |
Version: 0.0.2
Check: LazyData
Result: NOTE
'LazyData' is specified without a 'data' directory
Flavors: r-patched-linux-x86_64, r-release-linux-x86_64, r-release-macos-arm64, r-release-macos-x86_64, r-release-windows-x86_64, r-oldrel-macos-arm64, r-oldrel-macos-x86_64, r-oldrel-windows-x86_64