Last updated on 2025-02-21 05:50:44 CET.
Flavor | Version | Tinstall | Tcheck | Ttotal | Status | Flags |
---|---|---|---|---|---|---|
r-devel-linux-x86_64-debian-clang | 0.1.0 | 63.63 | 417.41 | 481.04 | OK | |
r-devel-linux-x86_64-debian-gcc | 0.1.0 | 0.39 | 1.70 | 2.09 | ERROR | |
r-devel-linux-x86_64-fedora-clang | 0.1.0 | 842.88 | NOTE | |||
r-devel-linux-x86_64-fedora-gcc | 0.1.0 | 805.62 | NOTE | |||
r-devel-macos-arm64 | 0.1.0 | 211.00 | OK | |||
r-devel-macos-x86_64 | 0.1.0 | 407.00 | OK | |||
r-devel-windows-x86_64 | 0.1.0 | 65.00 | 342.00 | 407.00 | OK | |
r-patched-linux-x86_64 | 0.1.0 | 60.39 | 381.58 | 441.97 | OK | |
r-release-linux-x86_64 | 0.1.0 | 58.14 | 376.66 | 434.80 | OK | |
r-release-macos-arm64 | 0.1.0 | 245.00 | OK | |||
r-release-macos-x86_64 | 0.1.0 | 349.00 | OK | |||
r-release-windows-x86_64 | 0.1.0 | 66.00 | 345.00 | 411.00 | OK | |
r-oldrel-macos-arm64 | 0.1.0 | 12.00 | ERROR | |||
r-oldrel-macos-x86_64 | 0.1.0 | 384.00 | OK | |||
r-oldrel-windows-x86_64 | 0.1.0 | 92.00 | 454.00 | 546.00 | OK |
Version: 0.1.0
Check: package dependencies
Result: ERROR
Package required but not available: ‘VariantAnnotation’
See section ‘The DESCRIPTION file’ in the ‘Writing R Extensions’
manual.
Flavor: r-devel-linux-x86_64-debian-gcc
Version: 0.1.0
Check: dependencies in R code
Result: NOTE
Namespaces in Imports field not imported from:
‘BiocManager’ ‘snpStats’
All declared Imports should be used.
Flavors: r-devel-linux-x86_64-fedora-clang, r-devel-linux-x86_64-fedora-gcc
Version: 0.1.0
Check: package dependencies
Result: ERROR
Package required but not available: ‘snpStats’
See section ‘The DESCRIPTION file’ in the ‘Writing R Extensions’
manual.
Flavor: r-oldrel-macos-arm64