Last updated on 2025-02-21 05:50:44 CET.
Flavor | Version | Tinstall | Tcheck | Ttotal | Status | Flags |
---|---|---|---|---|---|---|
r-devel-linux-x86_64-debian-clang | 1.0.3 | 6.24 | 71.13 | 77.37 | NOTE | |
r-devel-linux-x86_64-debian-gcc | 1.0.3 | 3.40 | 52.36 | 55.76 | NOTE | |
r-devel-linux-x86_64-fedora-clang | 1.0.3 | 123.06 | OK | |||
r-devel-linux-x86_64-fedora-gcc | 1.0.3 | 144.11 | OK | |||
r-devel-macos-arm64 | 1.0.3 | 61.00 | OK | |||
r-devel-macos-x86_64 | 1.0.3 | 67.00 | OK | |||
r-devel-windows-x86_64 | 1.0.3 | 7.00 | 118.00 | 125.00 | NOTE | |
r-patched-linux-x86_64 | 1.0.3 | 11.37 | 67.60 | 78.97 | OK | |
r-release-linux-x86_64 | 1.0.3 | 4.10 | 67.62 | 71.72 | OK | |
r-release-macos-arm64 | 1.0.3 | 58.00 | OK | |||
r-release-macos-x86_64 | 1.0.3 | 93.00 | OK | |||
r-release-windows-x86_64 | 1.0.3 | 7.00 | 121.00 | 128.00 | OK | |
r-oldrel-macos-arm64 | 1.0.3 | 64.00 | OK | |||
r-oldrel-macos-x86_64 | 1.0.3 | 53.00 | OK | |||
r-oldrel-windows-x86_64 | 1.0.3 | 10.00 | 176.00 | 186.00 | OK |
Version: 1.0.3
Check: Rd cross-references
Result: NOTE
Found the following Rd file(s) with Rd \link{} targets missing package
anchors:
createListModularCode.Rd: codeCheck
createListSimpleCode.Rd: codeCheck
goxygen.Rd: codeCheck
Please provide package anchors for all Rd \link{} targets not in the
package itself and the base packages.
Flavors: r-devel-linux-x86_64-debian-clang, r-devel-linux-x86_64-debian-gcc, r-devel-windows-x86_64