Last updated on 2025-02-21 05:50:43 CET.
Flavor | Version | Tinstall | Tcheck | Ttotal | Status | Flags |
---|---|---|---|---|---|---|
r-devel-linux-x86_64-debian-clang | 0.7.4 | 43.24 | 50.15 | 93.39 | NOTE | |
r-devel-linux-x86_64-debian-gcc | 0.7.4 | 24.87 | 35.33 | 60.20 | NOTE | |
r-devel-linux-x86_64-fedora-clang | 0.7.4 | 141.62 | OK | |||
r-devel-linux-x86_64-fedora-gcc | 0.7.4 | 137.25 | OK | |||
r-devel-macos-arm64 | 0.7.4 | 43.00 | OK | |||
r-devel-macos-x86_64 | 0.7.4 | 96.00 | OK | |||
r-devel-windows-x86_64 | 0.7.4 | 47.00 | 76.00 | 123.00 | OK | |
r-patched-linux-x86_64 | 0.7.4 | 38.32 | 46.55 | 84.87 | OK | |
r-release-linux-x86_64 | 0.7.4 | 35.13 | 46.28 | 81.41 | OK | |
r-release-macos-arm64 | 0.7.4 | 59.00 | OK | |||
r-release-macos-x86_64 | 0.7.4 | 67.00 | OK | |||
r-release-windows-x86_64 | 0.7.4 | 47.00 | 77.00 | 124.00 | OK | |
r-oldrel-macos-arm64 | 0.7.4 | 50.00 | OK | |||
r-oldrel-macos-x86_64 | 0.7.4 | 64.00 | OK | |||
r-oldrel-windows-x86_64 | 0.7.4 | 43.00 | 89.00 | 132.00 | OK |
Version: 0.7.4
Check: for unstated dependencies in ‘demo’
Result: NOTE
'::' or ':::' import not declared from: ‘geoR’
'library' or 'require' calls not declared from:
‘geoR’ ‘mcmcplots’
Flavors: r-devel-linux-x86_64-debian-clang, r-devel-linux-x86_64-debian-gcc