Last updated on 2025-02-21 05:50:41 CET.
Flavor | Version | Tinstall | Tcheck | Ttotal | Status | Flags |
---|---|---|---|---|---|---|
r-devel-linux-x86_64-debian-clang | 0.6.7 | 2.45 | 31.83 | 34.28 | OK | |
r-devel-linux-x86_64-debian-gcc | 0.6.7 | 1.46 | 25.04 | 26.50 | OK | |
r-devel-linux-x86_64-fedora-clang | 0.6.7 | 56.26 | NOTE | |||
r-devel-linux-x86_64-fedora-gcc | 0.6.7 | 65.02 | NOTE | |||
r-devel-macos-arm64 | 0.6.7 | 38.00 | OK | |||
r-devel-macos-x86_64 | 0.6.7 | 49.00 | OK | |||
r-devel-windows-x86_64 | 0.6.7 | 4.00 | 55.00 | 59.00 | OK | |
r-patched-linux-x86_64 | 0.6.7 | 2.46 | 29.55 | 32.01 | OK | |
r-release-linux-x86_64 | 0.6.7 | 2.29 | 29.40 | 31.69 | OK | |
r-release-macos-arm64 | 0.6.7 | 27.00 | OK | |||
r-release-macos-x86_64 | 0.6.7 | 41.00 | OK | |||
r-release-windows-x86_64 | 0.6.7 | 3.00 | 53.00 | 56.00 | OK | |
r-oldrel-macos-arm64 | 0.6.7 | 30.00 | OK | |||
r-oldrel-macos-x86_64 | 0.6.7 | 41.00 | OK | |||
r-oldrel-windows-x86_64 | 0.6.7 | 5.00 | 55.00 | 60.00 | OK |
Version: 0.6.7
Check: dependencies in R code
Result: NOTE
Namespaces in Imports field not imported from:
‘digest’ ‘dplyr’
All declared Imports should be used.
Flavors: r-devel-linux-x86_64-fedora-clang, r-devel-linux-x86_64-fedora-gcc