Last updated on 2025-02-17 05:50:55 CET.
Flavor | Version | Tinstall | Tcheck | Ttotal | Status | Flags |
---|---|---|---|---|---|---|
r-devel-linux-x86_64-debian-clang | 1.5.0 | 19.54 | 113.01 | 132.55 | NOTE | |
r-devel-linux-x86_64-debian-gcc | 1.5.0 | 10.19 | 77.54 | 87.73 | NOTE | |
r-devel-linux-x86_64-fedora-clang | 1.5.0 | 213.30 | NOTE | |||
r-devel-linux-x86_64-fedora-gcc | 1.5.0 | 191.74 | NOTE | |||
r-devel-macos-arm64 | 1.5.0 | 52.00 | OK | |||
r-devel-macos-x86_64 | 1.5.0 | 121.00 | NOTE | |||
r-devel-windows-x86_64 | 1.5.0 | 18.00 | 128.00 | 146.00 | NOTE | |
r-patched-linux-x86_64 | 1.5.0 | 15.89 | 106.23 | 122.12 | OK | |
r-release-linux-x86_64 | 1.5.0 | 17.11 | 106.59 | 123.70 | OK | |
r-release-macos-arm64 | 1.5.0 | 55.00 | OK | |||
r-release-macos-x86_64 | 1.5.0 | 100.00 | OK | |||
r-release-windows-x86_64 | 1.5.0 | 17.00 | 135.00 | 152.00 | OK | |
r-oldrel-macos-arm64 | 1.5.0 | 57.00 | OK | |||
r-oldrel-macos-x86_64 | 1.5.0 | 106.00 | OK | |||
r-oldrel-windows-x86_64 | 1.5.0 | 23.00 | 174.00 | 197.00 | OK |
Version: 1.5.0
Check: DESCRIPTION meta-information
Result: NOTE
Missing dependency on R >= 4.1.0 because package code uses the pipe
|> or function shorthand \(...) syntax added in R 4.1.0.
File(s) using such syntax:
‘private.R’
Flavors: r-devel-linux-x86_64-debian-clang, r-devel-linux-x86_64-debian-gcc, r-devel-linux-x86_64-fedora-clang, r-devel-linux-x86_64-fedora-gcc, r-devel-macos-x86_64, r-devel-windows-x86_64